{"id":13913,"date":"2016-01-26T11:05:17","date_gmt":"2016-01-26T11:05:17","guid":{"rendered":"https:\/\/www.santjosep.net\/evento\/vuelta-ibiza-btt\/"},"modified":"2024-02-07T16:08:43","modified_gmt":"2024-02-07T15:08:43","slug":"xxi-volta-a-eivissa-en-mountain-bike-2022-by-scott","status":"publish","type":"tribe_events","link":"https:\/\/www.santjosep.net\/ca\/esdeveniment\/xxi-volta-a-eivissa-en-mountain-bike-2022-by-scott\/","title":{"rendered":"Volta a Eivissa en Mountain Bike 2024 by SCOTT"},"content":{"rendered":"<p><span data-sheets-value=\"[null,2,&quot;Durante los d\\u00edas 25, 26 y 27 de marzo se celebrar\\u00e1 esta importante carrera en BTT que re\\u00fane a ciclistas de todas partes. M\\u00e1s de 200 kil\\u00f3metros con desniveles divididos en tres trepidantes etapas. A lo largo de la tercera tendr\\u00e1s el gusto de descubrir los senderos, caminos y calas de Sant Josep de Sa Talaia. S\\u00fabete a la bici y no dejes pasar esta oportunidad de disfrutar del deporte y la naturaleza en estado m\\u00e1s puro.\\n&quot;]\" data-sheets-userformat=\"[null,null,9153,[null,0],null,null,null,null,null,1,1,4,0,null,null,null,11]\">Durant els dies <strong>29, 30 i 31 de mar\u00e7<\/strong> se celebrar\u00e0 aquesta important<strong> cursa en BTT<\/strong> que reuneix ciclistes de tot arreu. M\u00e9s de 200 quil\u00f2metres amb desnivells dividits en tres trepidants etapes. Al llarg de la tercera tindr\u00e0s el gust de descobrir els senders, camins i cales de Sant Josep de sa Talaia i d&#8217;Eivissa. Puja a la bici i no deixis passar aquesta oportunitat de gaudir de l&#8217;esport i la natura en estat m\u00e9s pur.<\/span><\/p>\n<p>&nbsp;<\/p>\n","protected":false},"excerpt":{"rendered":"<p>Durant els dies 29, 30 i 31 de mar\u00e7 se celebrar\u00e0 aquesta important cursa en BTT que reuneix ciclistes de tot arreu. M\u00e9s de 200 quil\u00f2metres amb desnivells dividits en tres trepidants etapes. Al llarg de la tercera tindr\u00e0s el [&hellip;]<\/p>\n","protected":false},"author":1,"featured_media":35141,"template":"","meta":{"_acf_changed":false,"inline_featured_image":false,"_tribe_events_status":"","_tribe_events_status_reason":"","footnotes":""},"tags":[],"tribe_events_cat":[215],"class_list":["post-13913","tribe_events","type-tribe_events","status-publish","has-post-thumbnail","hentry","tribe_events_cat-esport","cat_esport"],"acf":[],"yoast_head":"<!-- This site is optimized with the Yoast SEO plugin v25.7 - https:\/\/yoast.com\/wordpress\/plugins\/seo\/ -->\n<title>Volta a Eivissa en Mountain Bike 2024 by SCOTT - Santjosep.net<\/title>\n<meta name=\"robots\" content=\"index, follow, max-snippet:-1, max-image-preview:large, max-video-preview:-1\" \/>\n<link rel=\"canonical\" href=\"https:\/\/www.santjosep.net\/ca\/esdeveniment\/xxi-volta-a-eivissa-en-mountain-bike-2022-by-scott\/\" \/>\n<meta property=\"og:locale\" content=\"ca_ES\" \/>\n<meta property=\"og:type\" content=\"article\" \/>\n<meta property=\"og:title\" content=\"Volta a Eivissa en Mountain Bike 2024 by SCOTT - Santjosep.net\" \/>\n<meta property=\"og:description\" content=\"Durant els dies 29, 30 i 31 de mar\u00e7 se celebrar\u00e0 aquesta important cursa en BTT que reuneix ciclistes de tot arreu. M\u00e9s de 200 quil\u00f2metres amb desnivells dividits en tres trepidants etapes. Al llarg de la tercera tindr\u00e0s el [&hellip;]\" \/>\n<meta property=\"og:url\" content=\"https:\/\/www.santjosep.net\/ca\/esdeveniment\/xxi-volta-a-eivissa-en-mountain-bike-2022-by-scott\/\" \/>\n<meta property=\"og:site_name\" content=\"Santjosep.net\" \/>\n<meta property=\"article:modified_time\" content=\"2024-02-07T15:08:43+00:00\" \/>\n<meta property=\"og:image\" content=\"https:\/\/www.santjosep.net\/wp-content\/uploads\/2016\/01\/vuelta-ibiza-MTB-2018_etapa-1_180_jon-izeta_5000px.jpg\" \/>\n\t<meta property=\"og:image:width\" content=\"1600\" \/>\n\t<meta property=\"og:image:height\" content=\"1065\" \/>\n\t<meta property=\"og:image:type\" content=\"image\/jpeg\" \/>\n<meta name=\"twitter:card\" content=\"summary_large_image\" \/>\n<script type=\"application\/ld+json\" class=\"yoast-schema-graph\">{\"@context\":\"https:\/\/schema.org\",\"@graph\":[{\"@type\":\"WebPage\",\"@id\":\"https:\/\/www.santjosep.net\/ca\/esdeveniment\/xxi-volta-a-eivissa-en-mountain-bike-2022-by-scott\/\",\"url\":\"https:\/\/www.santjosep.net\/ca\/esdeveniment\/xxi-volta-a-eivissa-en-mountain-bike-2022-by-scott\/\",\"name\":\"Volta a Eivissa en Mountain Bike 2024 by SCOTT - Santjosep.net\",\"isPartOf\":{\"@id\":\"https:\/\/www.santjosep.net\/#website\"},\"primaryImageOfPage\":{\"@id\":\"https:\/\/www.santjosep.net\/ca\/esdeveniment\/xxi-volta-a-eivissa-en-mountain-bike-2022-by-scott\/#primaryimage\"},\"image\":{\"@id\":\"https:\/\/www.santjosep.net\/ca\/esdeveniment\/xxi-volta-a-eivissa-en-mountain-bike-2022-by-scott\/#primaryimage\"},\"thumbnailUrl\":\"https:\/\/www.santjosep.net\/wp-content\/uploads\/2016\/01\/vuelta-ibiza-MTB-2018_etapa-1_180_jon-izeta_5000px.jpg\",\"datePublished\":\"2016-01-26T11:05:17+00:00\",\"dateModified\":\"2024-02-07T15:08:43+00:00\",\"breadcrumb\":{\"@id\":\"https:\/\/www.santjosep.net\/ca\/esdeveniment\/xxi-volta-a-eivissa-en-mountain-bike-2022-by-scott\/#breadcrumb\"},\"inLanguage\":\"ca\",\"potentialAction\":[{\"@type\":\"ReadAction\",\"target\":[\"https:\/\/www.santjosep.net\/ca\/esdeveniment\/xxi-volta-a-eivissa-en-mountain-bike-2022-by-scott\/\"]}]},{\"@type\":\"ImageObject\",\"inLanguage\":\"ca\",\"@id\":\"https:\/\/www.santjosep.net\/ca\/esdeveniment\/xxi-volta-a-eivissa-en-mountain-bike-2022-by-scott\/#primaryimage\",\"url\":\"https:\/\/www.santjosep.net\/wp-content\/uploads\/2016\/01\/vuelta-ibiza-MTB-2018_etapa-1_180_jon-izeta_5000px.jpg\",\"contentUrl\":\"https:\/\/www.santjosep.net\/wp-content\/uploads\/2016\/01\/vuelta-ibiza-MTB-2018_etapa-1_180_jon-izeta_5000px.jpg\",\"width\":1600,\"height\":1065},{\"@type\":\"BreadcrumbList\",\"@id\":\"https:\/\/www.santjosep.net\/ca\/esdeveniment\/xxi-volta-a-eivissa-en-mountain-bike-2022-by-scott\/#breadcrumb\",\"itemListElement\":[{\"@type\":\"ListItem\",\"position\":1,\"name\":\"Eventos\",\"item\":\"https:\/\/www.santjosep.net\/agenda\/\"},{\"@type\":\"ListItem\",\"position\":2,\"name\":\"Volta a Eivissa en Mountain Bike 2024 by SCOTT\"}]},{\"@type\":\"WebSite\",\"@id\":\"https:\/\/www.santjosep.net\/#website\",\"url\":\"https:\/\/www.santjosep.net\/\",\"name\":\"Santjosep.net\",\"description\":\"\",\"potentialAction\":[{\"@type\":\"SearchAction\",\"target\":{\"@type\":\"EntryPoint\",\"urlTemplate\":\"https:\/\/www.santjosep.net\/?s={search_term_string}\"},\"query-input\":{\"@type\":\"PropertyValueSpecification\",\"valueRequired\":true,\"valueName\":\"search_term_string\"}}],\"inLanguage\":\"ca\"}]}<\/script>\n<!-- \/ Yoast SEO plugin. -->","yoast_head_json":{"title":"Volta a Eivissa en Mountain Bike 2024 by SCOTT - Santjosep.net","robots":{"index":"index","follow":"follow","max-snippet":"max-snippet:-1","max-image-preview":"max-image-preview:large","max-video-preview":"max-video-preview:-1"},"canonical":"https:\/\/www.santjosep.net\/ca\/esdeveniment\/xxi-volta-a-eivissa-en-mountain-bike-2022-by-scott\/","og_locale":"ca_ES","og_type":"article","og_title":"Volta a Eivissa en Mountain Bike 2024 by SCOTT - Santjosep.net","og_description":"Durant els dies 29, 30 i 31 de mar\u00e7 se celebrar\u00e0 aquesta important cursa en BTT que reuneix ciclistes de tot arreu. M\u00e9s de 200 quil\u00f2metres amb desnivells dividits en tres trepidants etapes. Al llarg de la tercera tindr\u00e0s el [&hellip;]","og_url":"https:\/\/www.santjosep.net\/ca\/esdeveniment\/xxi-volta-a-eivissa-en-mountain-bike-2022-by-scott\/","og_site_name":"Santjosep.net","article_modified_time":"2024-02-07T15:08:43+00:00","og_image":[{"width":1600,"height":1065,"url":"https:\/\/www.santjosep.net\/wp-content\/uploads\/2016\/01\/vuelta-ibiza-MTB-2018_etapa-1_180_jon-izeta_5000px.jpg","type":"image\/jpeg"}],"twitter_card":"summary_large_image","schema":{"@context":"https:\/\/schema.org","@graph":[{"@type":"WebPage","@id":"https:\/\/www.santjosep.net\/ca\/esdeveniment\/xxi-volta-a-eivissa-en-mountain-bike-2022-by-scott\/","url":"https:\/\/www.santjosep.net\/ca\/esdeveniment\/xxi-volta-a-eivissa-en-mountain-bike-2022-by-scott\/","name":"Volta a Eivissa en Mountain Bike 2024 by SCOTT - Santjosep.net","isPartOf":{"@id":"https:\/\/www.santjosep.net\/#website"},"primaryImageOfPage":{"@id":"https:\/\/www.santjosep.net\/ca\/esdeveniment\/xxi-volta-a-eivissa-en-mountain-bike-2022-by-scott\/#primaryimage"},"image":{"@id":"https:\/\/www.santjosep.net\/ca\/esdeveniment\/xxi-volta-a-eivissa-en-mountain-bike-2022-by-scott\/#primaryimage"},"thumbnailUrl":"https:\/\/www.santjosep.net\/wp-content\/uploads\/2016\/01\/vuelta-ibiza-MTB-2018_etapa-1_180_jon-izeta_5000px.jpg","datePublished":"2016-01-26T11:05:17+00:00","dateModified":"2024-02-07T15:08:43+00:00","breadcrumb":{"@id":"https:\/\/www.santjosep.net\/ca\/esdeveniment\/xxi-volta-a-eivissa-en-mountain-bike-2022-by-scott\/#breadcrumb"},"inLanguage":"ca","potentialAction":[{"@type":"ReadAction","target":["https:\/\/www.santjosep.net\/ca\/esdeveniment\/xxi-volta-a-eivissa-en-mountain-bike-2022-by-scott\/"]}]},{"@type":"ImageObject","inLanguage":"ca","@id":"https:\/\/www.santjosep.net\/ca\/esdeveniment\/xxi-volta-a-eivissa-en-mountain-bike-2022-by-scott\/#primaryimage","url":"https:\/\/www.santjosep.net\/wp-content\/uploads\/2016\/01\/vuelta-ibiza-MTB-2018_etapa-1_180_jon-izeta_5000px.jpg","contentUrl":"https:\/\/www.santjosep.net\/wp-content\/uploads\/2016\/01\/vuelta-ibiza-MTB-2018_etapa-1_180_jon-izeta_5000px.jpg","width":1600,"height":1065},{"@type":"BreadcrumbList","@id":"https:\/\/www.santjosep.net\/ca\/esdeveniment\/xxi-volta-a-eivissa-en-mountain-bike-2022-by-scott\/#breadcrumb","itemListElement":[{"@type":"ListItem","position":1,"name":"Eventos","item":"https:\/\/www.santjosep.net\/agenda\/"},{"@type":"ListItem","position":2,"name":"Volta a Eivissa en Mountain Bike 2024 by SCOTT"}]},{"@type":"WebSite","@id":"https:\/\/www.santjosep.net\/#website","url":"https:\/\/www.santjosep.net\/","name":"Santjosep.net","description":"","potentialAction":[{"@type":"SearchAction","target":{"@type":"EntryPoint","urlTemplate":"https:\/\/www.santjosep.net\/?s={search_term_string}"},"query-input":{"@type":"PropertyValueSpecification","valueRequired":true,"valueName":"search_term_string"}}],"inLanguage":"ca"}]}},"_links":{"self":[{"href":"https:\/\/www.santjosep.net\/ca\/wp-json\/wp\/v2\/tribe_events\/13913","targetHints":{"allow":["GET"]}}],"collection":[{"href":"https:\/\/www.santjosep.net\/ca\/wp-json\/wp\/v2\/tribe_events"}],"about":[{"href":"https:\/\/www.santjosep.net\/ca\/wp-json\/wp\/v2\/types\/tribe_events"}],"author":[{"embeddable":true,"href":"https:\/\/www.santjosep.net\/ca\/wp-json\/wp\/v2\/users\/1"}],"version-history":[{"count":0,"href":"https:\/\/www.santjosep.net\/ca\/wp-json\/wp\/v2\/tribe_events\/13913\/revisions"}],"wp:featuredmedia":[{"embeddable":true,"href":"https:\/\/www.santjosep.net\/ca\/wp-json\/wp\/v2\/media\/35141"}],"wp:attachment":[{"href":"https:\/\/www.santjosep.net\/ca\/wp-json\/wp\/v2\/media?parent=13913"}],"wp:term":[{"taxonomy":"post_tag","embeddable":true,"href":"https:\/\/www.santjosep.net\/ca\/wp-json\/wp\/v2\/tags?post=13913"},{"taxonomy":"tribe_events_cat","embeddable":true,"href":"https:\/\/www.santjosep.net\/ca\/wp-json\/wp\/v2\/tribe_events_cat?post=13913"}],"curies":[{"name":"wp","href":"https:\/\/api.w.org\/{rel}","templated":true}]}}

<p><span data-sheets-value="[null,2,&quot;Durante los d\u00edas 25, 26 y 27 de marzo se celebrar\u00e1 esta importante carrera en BTT que re\u00fane a ciclistas de todas partes. M\u00e1s de 200 kil\u00f3metros con desniveles divididos en tres trepidantes etapas. A lo largo de la tercera tendr\u00e1s el gusto de descubrir los senderos, caminos y calas de Sant Josep de Sa Talaia. S\u00fabete a la bici y no dejes pasar esta oportunidad de disfrutar del deporte y la naturaleza en estado m\u00e1s puro.\n&quot;]" data-sheets-userformat="[null,null,9153,[null,0],null,null,null,null,null,1,1,4,0,null,null,null,11]">Durant els dies <strong>29, 30 i 31 de març</strong> se celebrarà aquesta important<strong> cursa en BTT</strong> que reuneix ciclistes de tot arreu. Més de 200 quilòmetres amb desnivells dividits en tres trepidants etapes. Al llarg de la tercera tindràs el gust de descobrir els senders, camins i cales de Sant Josep de sa Talaia i d&#8217;Eivissa. Puja a la bici i no deixis passar aquesta oportunitat de gaudir de l&#8217;esport i la natura en estat més pur.</span></p>
<p>&nbsp;</p>

<p>Durant els dies 29, 30 i 31 de març se celebrarà aquesta important cursa en BTT que reuneix ciclistes de tot arreu. Més de 200 quilòmetres amb desnivells dividits en tres trepidants etapes. Al llarg de la tercera tindràs el [&hellip;]</p>

<!-- This site is optimized with the Yoast SEO plugin v25.7 - https://yoast.com/wordpress/plugins/seo/ -->
<title>Volta a Eivissa en Mountain Bike 2024 by SCOTT - Santjosep.net</title>
<meta name="robots" content="index, follow, max-snippet:-1, max-image-preview:large, max-video-preview:-1" />
<link rel="canonical" href="https://www.santjosep.net/ca/esdeveniment/xxi-volta-a-eivissa-en-mountain-bike-2022-by-scott/" />
<meta property="og:locale" content="ca_ES" />
<meta property="og:type" content="article" />
<meta property="og:title" content="Volta a Eivissa en Mountain Bike 2024 by SCOTT - Santjosep.net" />
<meta property="og:description" content="Durant els dies 29, 30 i 31 de març se celebrarà aquesta important cursa en BTT que reuneix ciclistes de tot arreu. Més de 200 quilòmetres amb desnivells dividits en tres trepidants etapes. Al llarg de la tercera tindràs el [&hellip;]" />
<meta property="og:url" content="https://www.santjosep.net/ca/esdeveniment/xxi-volta-a-eivissa-en-mountain-bike-2022-by-scott/" />
<meta property="og:site_name" content="Santjosep.net" />
<meta property="article:modified_time" content="2024-02-07T15:08:43+00:00" />
<meta property="og:image" content="https://www.santjosep.net/wp-content/uploads/2016/01/vuelta-ibiza-MTB-2018_etapa-1_180_jon-izeta_5000px.jpg" />
	<meta property="og:image:width" content="1600" />
	<meta property="og:image:height" content="1065" />
	<meta property="og:image:type" content="image/jpeg" />
<meta name="twitter:card" content="summary_large_image" />
<script type="application/ld+json" class="yoast-schema-graph">{"@context":"https://schema.org","@graph":[{"@type":"WebPage","@id":"https://www.santjosep.net/ca/esdeveniment/xxi-volta-a-eivissa-en-mountain-bike-2022-by-scott/","url":"https://www.santjosep.net/ca/esdeveniment/xxi-volta-a-eivissa-en-mountain-bike-2022-by-scott/","name":"Volta a Eivissa en Mountain Bike 2024 by SCOTT - Santjosep.net","isPartOf":{"@id":"https://www.santjosep.net/#website"},"primaryImageOfPage":{"@id":"https://www.santjosep.net/ca/esdeveniment/xxi-volta-a-eivissa-en-mountain-bike-2022-by-scott/#primaryimage"},"image":{"@id":"https://www.santjosep.net/ca/esdeveniment/xxi-volta-a-eivissa-en-mountain-bike-2022-by-scott/#primaryimage"},"thumbnailUrl":"https://www.santjosep.net/wp-content/uploads/2016/01/vuelta-ibiza-MTB-2018_etapa-1_180_jon-izeta_5000px.jpg","datePublished":"2016-01-26T11:05:17+00:00","dateModified":"2024-02-07T15:08:43+00:00","breadcrumb":{"@id":"https://www.santjosep.net/ca/esdeveniment/xxi-volta-a-eivissa-en-mountain-bike-2022-by-scott/#breadcrumb"},"inLanguage":"ca","potentialAction":[{"@type":"ReadAction","target":["https://www.santjosep.net/ca/esdeveniment/xxi-volta-a-eivissa-en-mountain-bike-2022-by-scott/"]}]},{"@type":"ImageObject","inLanguage":"ca","@id":"https://www.santjosep.net/ca/esdeveniment/xxi-volta-a-eivissa-en-mountain-bike-2022-by-scott/#primaryimage","url":"https://www.santjosep.net/wp-content/uploads/2016/01/vuelta-ibiza-MTB-2018_etapa-1_180_jon-izeta_5000px.jpg","contentUrl":"https://www.santjosep.net/wp-content/uploads/2016/01/vuelta-ibiza-MTB-2018_etapa-1_180_jon-izeta_5000px.jpg","width":1600,"height":1065},{"@type":"BreadcrumbList","@id":"https://www.santjosep.net/ca/esdeveniment/xxi-volta-a-eivissa-en-mountain-bike-2022-by-scott/#breadcrumb","itemListElement":[{"@type":"ListItem","position":1,"name":"Eventos","item":"https://www.santjosep.net/agenda/"},{"@type":"ListItem","position":2,"name":"Volta a Eivissa en Mountain Bike 2024 by SCOTT"}]},{"@type":"WebSite","@id":"https://www.santjosep.net/#website","url":"https://www.santjosep.net/","name":"Santjosep.net","description":"","potentialAction":[{"@type":"SearchAction","target":{"@type":"EntryPoint","urlTemplate":"https://www.santjosep.net/?s={search_term_string}"},"query-input":{"@type":"PropertyValueSpecification","valueRequired":true,"valueName":"search_term_string"}}],"inLanguage":"ca"}]}</script>
<!-- / Yoast SEO plugin. -->

Durant els dies 29, 30 i 31 de març se celebrarà aquesta important cursa en BTT que reuneix ciclistes de tot arreu. Més de 200 quilòmetres amb desnivells dividits en tres trepidants etapes. Al llarg de la tercera tindràs el [&hellip;]
