{"id":13793,"date":"2018-11-28T08:30:54","date_gmt":"2018-11-28T08:30:54","guid":{"rendered":"https:\/\/www.santjosep.net\/evento\/iv-edicion-del-concurso-de-fotografia-premio-vicent-trull\/"},"modified":"2018-11-28T08:34:54","modified_gmt":"2018-11-28T08:34:54","slug":"iv-edicion-del-concurso-de-fotografia-premio-vicent-trull","status":"publish","type":"tribe_events","link":"https:\/\/www.santjosep.net\/ca\/esdeveniment\/iv-edicion-del-concurso-de-fotografia-premio-vicent-trull\/","title":{"rendered":"IV Edici\u00f3 del concurs de fotografia premi Vicent &#8216;Trull&#8217;"},"content":{"rendered":"<p>Exposici\u00f3 de les fotografies presentades a la IV Edici\u00f3 del concurs de fotografia premi Vicent &#8216;Trull&#8217; del 20 al 30 desembre a la sala d&#8217;exposicions de Can Curt.<\/p>\n<p><img loading=\"lazy\" decoding=\"async\" class=\"alignnone size-full wp-image-13782\" src=\"https:\/\/www.santjosep.net\/wp-content\/uploads\/2018\/11\/IV-Premi-Vicent-Trull.jpg\" alt=\"\" width=\"750\" height=\"1053\" srcset=\"https:\/\/www.santjosep.net\/wp-content\/uploads\/2018\/11\/IV-Premi-Vicent-Trull.jpg 750w, https:\/\/www.santjosep.net\/wp-content\/uploads\/2018\/11\/IV-Premi-Vicent-Trull-214x300.jpg 214w, https:\/\/www.santjosep.net\/wp-content\/uploads\/2018\/11\/IV-Premi-Vicent-Trull-729x1024.jpg 729w\" sizes=\"auto, (max-width: 750px) 100vw, 750px\" \/><\/p>\n<p>&nbsp;<\/p>\n","protected":false},"excerpt":{"rendered":"<p>Exposici\u00f3 de les fotografies presentades a la IV Edici\u00f3 del concurs de fotografia premi Vicent &#8216;Trull&#8217; del 20 al 30 desembre a la sala d&#8217;exposicions de Can Curt. &nbsp;<\/p>\n","protected":false},"author":1,"featured_media":13787,"template":"","meta":{"_acf_changed":false,"inline_featured_image":false,"_tribe_events_status":"","_tribe_events_status_reason":"","footnotes":""},"tags":[],"tribe_events_cat":[187],"class_list":["post-13793","tribe_events","type-tribe_events","status-publish","has-post-thumbnail","hentry","tribe_events_cat-cultura","cat_cultura"],"acf":[],"yoast_head":"<!-- This site is optimized with the Yoast SEO plugin v25.7 - https:\/\/yoast.com\/wordpress\/plugins\/seo\/ -->\n<title>IV Edici\u00f3 del concurs de fotografia premi Vicent &#039;Trull&#039; - Santjosep.net<\/title>\n<meta name=\"robots\" content=\"index, follow, max-snippet:-1, max-image-preview:large, max-video-preview:-1\" \/>\n<link rel=\"canonical\" href=\"https:\/\/www.santjosep.net\/ca\/esdeveniment\/iv-edicion-del-concurso-de-fotografia-premio-vicent-trull\/\" \/>\n<meta property=\"og:locale\" content=\"ca_ES\" \/>\n<meta property=\"og:type\" content=\"article\" \/>\n<meta property=\"og:title\" content=\"IV Edici\u00f3 del concurs de fotografia premi Vicent &#039;Trull&#039; - Santjosep.net\" \/>\n<meta property=\"og:description\" content=\"Exposici\u00f3 de les fotografies presentades a la IV Edici\u00f3 del concurs de fotografia premi Vicent &#8216;Trull&#8217; del 20 al 30 desembre a la sala d&#8217;exposicions de Can Curt. &nbsp;\" \/>\n<meta property=\"og:url\" content=\"https:\/\/www.santjosep.net\/ca\/esdeveniment\/iv-edicion-del-concurso-de-fotografia-premio-vicent-trull\/\" \/>\n<meta property=\"og:site_name\" content=\"Santjosep.net\" \/>\n<meta property=\"article:modified_time\" content=\"2018-11-28T08:34:54+00:00\" \/>\n<meta property=\"og:image\" content=\"https:\/\/www.santjosep.net\/wp-content\/uploads\/2018\/11\/Concurso-fotografia-Vicent-Trull-Ibiza1-1.jpg\" \/>\n\t<meta property=\"og:image:width\" content=\"800\" \/>\n\t<meta property=\"og:image:height\" content=\"509\" \/>\n\t<meta property=\"og:image:type\" content=\"image\/jpeg\" \/>\n<meta name=\"twitter:card\" content=\"summary_large_image\" \/>\n<script type=\"application\/ld+json\" class=\"yoast-schema-graph\">{\"@context\":\"https:\/\/schema.org\",\"@graph\":[{\"@type\":\"WebPage\",\"@id\":\"https:\/\/www.santjosep.net\/ca\/esdeveniment\/iv-edicion-del-concurso-de-fotografia-premio-vicent-trull\/\",\"url\":\"https:\/\/www.santjosep.net\/ca\/esdeveniment\/iv-edicion-del-concurso-de-fotografia-premio-vicent-trull\/\",\"name\":\"IV Edici\u00f3 del concurs de fotografia premi Vicent 'Trull' - Santjosep.net\",\"isPartOf\":{\"@id\":\"https:\/\/www.santjosep.net\/#website\"},\"primaryImageOfPage\":{\"@id\":\"https:\/\/www.santjosep.net\/ca\/esdeveniment\/iv-edicion-del-concurso-de-fotografia-premio-vicent-trull\/#primaryimage\"},\"image\":{\"@id\":\"https:\/\/www.santjosep.net\/ca\/esdeveniment\/iv-edicion-del-concurso-de-fotografia-premio-vicent-trull\/#primaryimage\"},\"thumbnailUrl\":\"https:\/\/www.santjosep.net\/wp-content\/uploads\/2018\/11\/Concurso-fotografia-Vicent-Trull-Ibiza1-1.jpg\",\"datePublished\":\"2018-11-28T08:30:54+00:00\",\"dateModified\":\"2018-11-28T08:34:54+00:00\",\"breadcrumb\":{\"@id\":\"https:\/\/www.santjosep.net\/ca\/esdeveniment\/iv-edicion-del-concurso-de-fotografia-premio-vicent-trull\/#breadcrumb\"},\"inLanguage\":\"ca\",\"potentialAction\":[{\"@type\":\"ReadAction\",\"target\":[\"https:\/\/www.santjosep.net\/ca\/esdeveniment\/iv-edicion-del-concurso-de-fotografia-premio-vicent-trull\/\"]}]},{\"@type\":\"ImageObject\",\"inLanguage\":\"ca\",\"@id\":\"https:\/\/www.santjosep.net\/ca\/esdeveniment\/iv-edicion-del-concurso-de-fotografia-premio-vicent-trull\/#primaryimage\",\"url\":\"https:\/\/www.santjosep.net\/wp-content\/uploads\/2018\/11\/Concurso-fotografia-Vicent-Trull-Ibiza1-1.jpg\",\"contentUrl\":\"https:\/\/www.santjosep.net\/wp-content\/uploads\/2018\/11\/Concurso-fotografia-Vicent-Trull-Ibiza1-1.jpg\",\"width\":800,\"height\":509},{\"@type\":\"BreadcrumbList\",\"@id\":\"https:\/\/www.santjosep.net\/ca\/esdeveniment\/iv-edicion-del-concurso-de-fotografia-premio-vicent-trull\/#breadcrumb\",\"itemListElement\":[{\"@type\":\"ListItem\",\"position\":1,\"name\":\"Eventos\",\"item\":\"https:\/\/www.santjosep.net\/agenda\/\"},{\"@type\":\"ListItem\",\"position\":2,\"name\":\"IV Edici\u00f3 del concurs de fotografia premi Vicent &#8216;Trull&#8217;\"}]},{\"@type\":\"WebSite\",\"@id\":\"https:\/\/www.santjosep.net\/#website\",\"url\":\"https:\/\/www.santjosep.net\/\",\"name\":\"Santjosep.net\",\"description\":\"\",\"potentialAction\":[{\"@type\":\"SearchAction\",\"target\":{\"@type\":\"EntryPoint\",\"urlTemplate\":\"https:\/\/www.santjosep.net\/?s={search_term_string}\"},\"query-input\":{\"@type\":\"PropertyValueSpecification\",\"valueRequired\":true,\"valueName\":\"search_term_string\"}}],\"inLanguage\":\"ca\"}]}<\/script>\n<!-- \/ Yoast SEO plugin. -->","yoast_head_json":{"title":"IV Edici\u00f3 del concurs de fotografia premi Vicent 'Trull' - Santjosep.net","robots":{"index":"index","follow":"follow","max-snippet":"max-snippet:-1","max-image-preview":"max-image-preview:large","max-video-preview":"max-video-preview:-1"},"canonical":"https:\/\/www.santjosep.net\/ca\/esdeveniment\/iv-edicion-del-concurso-de-fotografia-premio-vicent-trull\/","og_locale":"ca_ES","og_type":"article","og_title":"IV Edici\u00f3 del concurs de fotografia premi Vicent 'Trull' - Santjosep.net","og_description":"Exposici\u00f3 de les fotografies presentades a la IV Edici\u00f3 del concurs de fotografia premi Vicent &#8216;Trull&#8217; del 20 al 30 desembre a la sala d&#8217;exposicions de Can Curt. &nbsp;","og_url":"https:\/\/www.santjosep.net\/ca\/esdeveniment\/iv-edicion-del-concurso-de-fotografia-premio-vicent-trull\/","og_site_name":"Santjosep.net","article_modified_time":"2018-11-28T08:34:54+00:00","og_image":[{"width":800,"height":509,"url":"https:\/\/www.santjosep.net\/wp-content\/uploads\/2018\/11\/Concurso-fotografia-Vicent-Trull-Ibiza1-1.jpg","type":"image\/jpeg"}],"twitter_card":"summary_large_image","schema":{"@context":"https:\/\/schema.org","@graph":[{"@type":"WebPage","@id":"https:\/\/www.santjosep.net\/ca\/esdeveniment\/iv-edicion-del-concurso-de-fotografia-premio-vicent-trull\/","url":"https:\/\/www.santjosep.net\/ca\/esdeveniment\/iv-edicion-del-concurso-de-fotografia-premio-vicent-trull\/","name":"IV Edici\u00f3 del concurs de fotografia premi Vicent 'Trull' - Santjosep.net","isPartOf":{"@id":"https:\/\/www.santjosep.net\/#website"},"primaryImageOfPage":{"@id":"https:\/\/www.santjosep.net\/ca\/esdeveniment\/iv-edicion-del-concurso-de-fotografia-premio-vicent-trull\/#primaryimage"},"image":{"@id":"https:\/\/www.santjosep.net\/ca\/esdeveniment\/iv-edicion-del-concurso-de-fotografia-premio-vicent-trull\/#primaryimage"},"thumbnailUrl":"https:\/\/www.santjosep.net\/wp-content\/uploads\/2018\/11\/Concurso-fotografia-Vicent-Trull-Ibiza1-1.jpg","datePublished":"2018-11-28T08:30:54+00:00","dateModified":"2018-11-28T08:34:54+00:00","breadcrumb":{"@id":"https:\/\/www.santjosep.net\/ca\/esdeveniment\/iv-edicion-del-concurso-de-fotografia-premio-vicent-trull\/#breadcrumb"},"inLanguage":"ca","potentialAction":[{"@type":"ReadAction","target":["https:\/\/www.santjosep.net\/ca\/esdeveniment\/iv-edicion-del-concurso-de-fotografia-premio-vicent-trull\/"]}]},{"@type":"ImageObject","inLanguage":"ca","@id":"https:\/\/www.santjosep.net\/ca\/esdeveniment\/iv-edicion-del-concurso-de-fotografia-premio-vicent-trull\/#primaryimage","url":"https:\/\/www.santjosep.net\/wp-content\/uploads\/2018\/11\/Concurso-fotografia-Vicent-Trull-Ibiza1-1.jpg","contentUrl":"https:\/\/www.santjosep.net\/wp-content\/uploads\/2018\/11\/Concurso-fotografia-Vicent-Trull-Ibiza1-1.jpg","width":800,"height":509},{"@type":"BreadcrumbList","@id":"https:\/\/www.santjosep.net\/ca\/esdeveniment\/iv-edicion-del-concurso-de-fotografia-premio-vicent-trull\/#breadcrumb","itemListElement":[{"@type":"ListItem","position":1,"name":"Eventos","item":"https:\/\/www.santjosep.net\/agenda\/"},{"@type":"ListItem","position":2,"name":"IV Edici\u00f3 del concurs de fotografia premi Vicent &#8216;Trull&#8217;"}]},{"@type":"WebSite","@id":"https:\/\/www.santjosep.net\/#website","url":"https:\/\/www.santjosep.net\/","name":"Santjosep.net","description":"","potentialAction":[{"@type":"SearchAction","target":{"@type":"EntryPoint","urlTemplate":"https:\/\/www.santjosep.net\/?s={search_term_string}"},"query-input":{"@type":"PropertyValueSpecification","valueRequired":true,"valueName":"search_term_string"}}],"inLanguage":"ca"}]}},"_links":{"self":[{"href":"https:\/\/www.santjosep.net\/ca\/wp-json\/wp\/v2\/tribe_events\/13793","targetHints":{"allow":["GET"]}}],"collection":[{"href":"https:\/\/www.santjosep.net\/ca\/wp-json\/wp\/v2\/tribe_events"}],"about":[{"href":"https:\/\/www.santjosep.net\/ca\/wp-json\/wp\/v2\/types\/tribe_events"}],"author":[{"embeddable":true,"href":"https:\/\/www.santjosep.net\/ca\/wp-json\/wp\/v2\/users\/1"}],"version-history":[{"count":0,"href":"https:\/\/www.santjosep.net\/ca\/wp-json\/wp\/v2\/tribe_events\/13793\/revisions"}],"wp:featuredmedia":[{"embeddable":true,"href":"https:\/\/www.santjosep.net\/ca\/wp-json\/wp\/v2\/media\/13787"}],"wp:attachment":[{"href":"https:\/\/www.santjosep.net\/ca\/wp-json\/wp\/v2\/media?parent=13793"}],"wp:term":[{"taxonomy":"post_tag","embeddable":true,"href":"https:\/\/www.santjosep.net\/ca\/wp-json\/wp\/v2\/tags?post=13793"},{"taxonomy":"tribe_events_cat","embeddable":true,"href":"https:\/\/www.santjosep.net\/ca\/wp-json\/wp\/v2\/tribe_events_cat?post=13793"}],"curies":[{"name":"wp","href":"https:\/\/api.w.org\/{rel}","templated":true}]}}

IV Edició del concurs de fotografia premi Vicent &#8216;Trull&#8217;

<p>Exposició de les fotografies presentades a la IV Edició del concurs de fotografia premi Vicent &#8216;Trull&#8217; del 20 al 30 desembre a la sala d&#8217;exposicions de Can Curt.</p>
<p><img loading="lazy" decoding="async" class="alignnone size-full wp-image-13782" src="https://www.santjosep.net/wp-content/uploads/2018/11/IV-Premi-Vicent-Trull.jpg" alt="" width="750" height="1053" srcset="https://www.santjosep.net/wp-content/uploads/2018/11/IV-Premi-Vicent-Trull.jpg 750w, https://www.santjosep.net/wp-content/uploads/2018/11/IV-Premi-Vicent-Trull-214x300.jpg 214w, https://www.santjosep.net/wp-content/uploads/2018/11/IV-Premi-Vicent-Trull-729x1024.jpg 729w" sizes="auto, (max-width: 750px) 100vw, 750px" /></p>
<p>&nbsp;</p>

<p>Exposició de les fotografies presentades a la IV Edició del concurs de fotografia premi Vicent &#8216;Trull&#8217; del 20 al 30 desembre a la sala d&#8217;exposicions de Can Curt. &nbsp;</p>

<!-- This site is optimized with the Yoast SEO plugin v25.7 - https://yoast.com/wordpress/plugins/seo/ -->
<title>IV Edició del concurs de fotografia premi Vicent &#039;Trull&#039; - Santjosep.net</title>
<meta name="robots" content="index, follow, max-snippet:-1, max-image-preview:large, max-video-preview:-1" />
<link rel="canonical" href="https://www.santjosep.net/ca/esdeveniment/iv-edicion-del-concurso-de-fotografia-premio-vicent-trull/" />
<meta property="og:locale" content="ca_ES" />
<meta property="og:type" content="article" />
<meta property="og:title" content="IV Edició del concurs de fotografia premi Vicent &#039;Trull&#039; - Santjosep.net" />
<meta property="og:description" content="Exposició de les fotografies presentades a la IV Edició del concurs de fotografia premi Vicent &#8216;Trull&#8217; del 20 al 30 desembre a la sala d&#8217;exposicions de Can Curt. &nbsp;" />
<meta property="og:url" content="https://www.santjosep.net/ca/esdeveniment/iv-edicion-del-concurso-de-fotografia-premio-vicent-trull/" />
<meta property="og:site_name" content="Santjosep.net" />
<meta property="article:modified_time" content="2018-11-28T08:34:54+00:00" />
<meta property="og:image" content="https://www.santjosep.net/wp-content/uploads/2018/11/Concurso-fotografia-Vicent-Trull-Ibiza1-1.jpg" />
	<meta property="og:image:width" content="800" />
	<meta property="og:image:height" content="509" />
	<meta property="og:image:type" content="image/jpeg" />
<meta name="twitter:card" content="summary_large_image" />
<script type="application/ld+json" class="yoast-schema-graph">{"@context":"https://schema.org","@graph":[{"@type":"WebPage","@id":"https://www.santjosep.net/ca/esdeveniment/iv-edicion-del-concurso-de-fotografia-premio-vicent-trull/","url":"https://www.santjosep.net/ca/esdeveniment/iv-edicion-del-concurso-de-fotografia-premio-vicent-trull/","name":"IV Edició del concurs de fotografia premi Vicent 'Trull' - Santjosep.net","isPartOf":{"@id":"https://www.santjosep.net/#website"},"primaryImageOfPage":{"@id":"https://www.santjosep.net/ca/esdeveniment/iv-edicion-del-concurso-de-fotografia-premio-vicent-trull/#primaryimage"},"image":{"@id":"https://www.santjosep.net/ca/esdeveniment/iv-edicion-del-concurso-de-fotografia-premio-vicent-trull/#primaryimage"},"thumbnailUrl":"https://www.santjosep.net/wp-content/uploads/2018/11/Concurso-fotografia-Vicent-Trull-Ibiza1-1.jpg","datePublished":"2018-11-28T08:30:54+00:00","dateModified":"2018-11-28T08:34:54+00:00","breadcrumb":{"@id":"https://www.santjosep.net/ca/esdeveniment/iv-edicion-del-concurso-de-fotografia-premio-vicent-trull/#breadcrumb"},"inLanguage":"ca","potentialAction":[{"@type":"ReadAction","target":["https://www.santjosep.net/ca/esdeveniment/iv-edicion-del-concurso-de-fotografia-premio-vicent-trull/"]}]},{"@type":"ImageObject","inLanguage":"ca","@id":"https://www.santjosep.net/ca/esdeveniment/iv-edicion-del-concurso-de-fotografia-premio-vicent-trull/#primaryimage","url":"https://www.santjosep.net/wp-content/uploads/2018/11/Concurso-fotografia-Vicent-Trull-Ibiza1-1.jpg","contentUrl":"https://www.santjosep.net/wp-content/uploads/2018/11/Concurso-fotografia-Vicent-Trull-Ibiza1-1.jpg","width":800,"height":509},{"@type":"BreadcrumbList","@id":"https://www.santjosep.net/ca/esdeveniment/iv-edicion-del-concurso-de-fotografia-premio-vicent-trull/#breadcrumb","itemListElement":[{"@type":"ListItem","position":1,"name":"Eventos","item":"https://www.santjosep.net/agenda/"},{"@type":"ListItem","position":2,"name":"IV Edició del concurs de fotografia premi Vicent &#8216;Trull&#8217;"}]},{"@type":"WebSite","@id":"https://www.santjosep.net/#website","url":"https://www.santjosep.net/","name":"Santjosep.net","description":"","potentialAction":[{"@type":"SearchAction","target":{"@type":"EntryPoint","urlTemplate":"https://www.santjosep.net/?s={search_term_string}"},"query-input":{"@type":"PropertyValueSpecification","valueRequired":true,"valueName":"search_term_string"}}],"inLanguage":"ca"}]}</script>
<!-- / Yoast SEO plugin. -->

IV Edició del concurs de fotografia premi Vicent 'Trull' - Santjosep.net

Exposició de les fotografies presentades a la IV Edició del concurs de fotografia premi Vicent &#8216;Trull&#8217; del 20 al 30 desembre a la sala d&#8217;exposicions de Can Curt. &nbsp;
