{"id":13292,"date":"2017-10-20T09:18:18","date_gmt":"2017-10-20T09:18:18","guid":{"rendered":"https:\/\/www.santjosep.net\/evento\/gala-entrega-los-premios-imvf-2017\/"},"modified":"2018-09-01T08:05:21","modified_gmt":"2018-09-01T08:05:21","slug":"gala-entrega-los-premios-imvf-2017","status":"publish","type":"tribe_events","link":"https:\/\/www.santjosep.net\/ca\/esdeveniment\/gala-entrega-los-premios-imvf-2017\/","title":{"rendered":"Ibiza Music Video Festival"},"content":{"rendered":"<p>L&#8217;esdeveniment ser\u00e0 una gran festa per presentar els premis IMVF 2018 (Ibiza Music Video Festival) que tindr\u00e0 lloc al Centre Cultural Can Jeroni amb diverses activitats i lliurament de premis, inclosa a la millor coreografia.<\/p>\n<p>Ibiza Music Video Festival \u00e9s una celebraci\u00f3 de gran contingut de pel\u00b7l\u00edcules musicals. On participen produccions, v\u00eddeos i clips de tot el m\u00f3n.<\/p>\n<p>&nbsp;<\/p>\n<p><iframe loading=\"lazy\" src=\"https:\/\/player.vimeo.com\/video\/241486828\" width=\"640\" height=\"360\" frameborder=\"0\" allowfullscreen=\"allowfullscreen\"><\/iframe><\/p>\n","protected":false},"excerpt":{"rendered":"<p>L&#8217;esdeveniment ser\u00e0 una gran festa per presentar els premis IMVF 2018 (Ibiza Music Video Festival) que tindr\u00e0 lloc al Centre Cultural Can Jeroni amb diverses activitats i lliurament de premis, inclosa a la millor coreografia. Ibiza Music Video Festival \u00e9s [&hellip;]<\/p>\n","protected":false},"author":1,"featured_media":13293,"template":"","meta":{"_acf_changed":false,"inline_featured_image":false,"_tribe_events_status":"","_tribe_events_status_reason":"","footnotes":""},"tags":[],"tribe_events_cat":[187],"class_list":["post-13292","tribe_events","type-tribe_events","status-publish","has-post-thumbnail","hentry","tribe_events_cat-cultura","cat_cultura"],"acf":[],"yoast_head":"<!-- This site is optimized with the Yoast SEO plugin v25.7 - https:\/\/yoast.com\/wordpress\/plugins\/seo\/ -->\n<title>Ibiza Music Video Festival - Santjosep.net<\/title>\n<meta name=\"robots\" content=\"index, follow, max-snippet:-1, max-image-preview:large, max-video-preview:-1\" \/>\n<link rel=\"canonical\" href=\"https:\/\/www.santjosep.net\/ca\/esdeveniment\/gala-entrega-los-premios-imvf-2017\/\" \/>\n<meta property=\"og:locale\" content=\"ca_ES\" \/>\n<meta property=\"og:type\" content=\"article\" \/>\n<meta property=\"og:title\" content=\"Ibiza Music Video Festival - Santjosep.net\" \/>\n<meta property=\"og:description\" content=\"L&#8217;esdeveniment ser\u00e0 una gran festa per presentar els premis IMVF 2018 (Ibiza Music Video Festival) que tindr\u00e0 lloc al Centre Cultural Can Jeroni amb diverses activitats i lliurament de premis, inclosa a la millor coreografia. Ibiza Music Video Festival \u00e9s [&hellip;]\" \/>\n<meta property=\"og:url\" content=\"https:\/\/www.santjosep.net\/ca\/esdeveniment\/gala-entrega-los-premios-imvf-2017\/\" \/>\n<meta property=\"og:site_name\" content=\"Santjosep.net\" \/>\n<meta property=\"article:modified_time\" content=\"2018-09-01T08:05:21+00:00\" \/>\n<meta property=\"og:image\" content=\"https:\/\/www.santjosep.net\/wp-content\/uploads\/2017\/10\/ibiza_music_video_festival.jpg\" \/>\n\t<meta property=\"og:image:width\" content=\"1200\" \/>\n\t<meta property=\"og:image:height\" content=\"798\" \/>\n\t<meta property=\"og:image:type\" content=\"image\/jpeg\" \/>\n<meta name=\"twitter:card\" content=\"summary_large_image\" \/>\n<script type=\"application\/ld+json\" class=\"yoast-schema-graph\">{\"@context\":\"https:\/\/schema.org\",\"@graph\":[{\"@type\":\"WebPage\",\"@id\":\"https:\/\/www.santjosep.net\/ca\/esdeveniment\/gala-entrega-los-premios-imvf-2017\/\",\"url\":\"https:\/\/www.santjosep.net\/ca\/esdeveniment\/gala-entrega-los-premios-imvf-2017\/\",\"name\":\"Ibiza Music Video Festival - Santjosep.net\",\"isPartOf\":{\"@id\":\"https:\/\/www.santjosep.net\/#website\"},\"primaryImageOfPage\":{\"@id\":\"https:\/\/www.santjosep.net\/ca\/esdeveniment\/gala-entrega-los-premios-imvf-2017\/#primaryimage\"},\"image\":{\"@id\":\"https:\/\/www.santjosep.net\/ca\/esdeveniment\/gala-entrega-los-premios-imvf-2017\/#primaryimage\"},\"thumbnailUrl\":\"https:\/\/www.santjosep.net\/wp-content\/uploads\/2017\/10\/ibiza_music_video_festival.jpg\",\"datePublished\":\"2017-10-20T09:18:18+00:00\",\"dateModified\":\"2018-09-01T08:05:21+00:00\",\"breadcrumb\":{\"@id\":\"https:\/\/www.santjosep.net\/ca\/esdeveniment\/gala-entrega-los-premios-imvf-2017\/#breadcrumb\"},\"inLanguage\":\"ca\",\"potentialAction\":[{\"@type\":\"ReadAction\",\"target\":[\"https:\/\/www.santjosep.net\/ca\/esdeveniment\/gala-entrega-los-premios-imvf-2017\/\"]}]},{\"@type\":\"ImageObject\",\"inLanguage\":\"ca\",\"@id\":\"https:\/\/www.santjosep.net\/ca\/esdeveniment\/gala-entrega-los-premios-imvf-2017\/#primaryimage\",\"url\":\"https:\/\/www.santjosep.net\/wp-content\/uploads\/2017\/10\/ibiza_music_video_festival.jpg\",\"contentUrl\":\"https:\/\/www.santjosep.net\/wp-content\/uploads\/2017\/10\/ibiza_music_video_festival.jpg\",\"width\":1200,\"height\":798},{\"@type\":\"BreadcrumbList\",\"@id\":\"https:\/\/www.santjosep.net\/ca\/esdeveniment\/gala-entrega-los-premios-imvf-2017\/#breadcrumb\",\"itemListElement\":[{\"@type\":\"ListItem\",\"position\":1,\"name\":\"Eventos\",\"item\":\"https:\/\/www.santjosep.net\/agenda\/\"},{\"@type\":\"ListItem\",\"position\":2,\"name\":\"Ibiza Music Video Festival\"}]},{\"@type\":\"WebSite\",\"@id\":\"https:\/\/www.santjosep.net\/#website\",\"url\":\"https:\/\/www.santjosep.net\/\",\"name\":\"Santjosep.net\",\"description\":\"\",\"potentialAction\":[{\"@type\":\"SearchAction\",\"target\":{\"@type\":\"EntryPoint\",\"urlTemplate\":\"https:\/\/www.santjosep.net\/?s={search_term_string}\"},\"query-input\":{\"@type\":\"PropertyValueSpecification\",\"valueRequired\":true,\"valueName\":\"search_term_string\"}}],\"inLanguage\":\"ca\"}]}<\/script>\n<!-- \/ Yoast SEO plugin. -->","yoast_head_json":{"title":"Ibiza Music Video Festival - Santjosep.net","robots":{"index":"index","follow":"follow","max-snippet":"max-snippet:-1","max-image-preview":"max-image-preview:large","max-video-preview":"max-video-preview:-1"},"canonical":"https:\/\/www.santjosep.net\/ca\/esdeveniment\/gala-entrega-los-premios-imvf-2017\/","og_locale":"ca_ES","og_type":"article","og_title":"Ibiza Music Video Festival - Santjosep.net","og_description":"L&#8217;esdeveniment ser\u00e0 una gran festa per presentar els premis IMVF 2018 (Ibiza Music Video Festival) que tindr\u00e0 lloc al Centre Cultural Can Jeroni amb diverses activitats i lliurament de premis, inclosa a la millor coreografia. Ibiza Music Video Festival \u00e9s [&hellip;]","og_url":"https:\/\/www.santjosep.net\/ca\/esdeveniment\/gala-entrega-los-premios-imvf-2017\/","og_site_name":"Santjosep.net","article_modified_time":"2018-09-01T08:05:21+00:00","og_image":[{"width":1200,"height":798,"url":"https:\/\/www.santjosep.net\/wp-content\/uploads\/2017\/10\/ibiza_music_video_festival.jpg","type":"image\/jpeg"}],"twitter_card":"summary_large_image","schema":{"@context":"https:\/\/schema.org","@graph":[{"@type":"WebPage","@id":"https:\/\/www.santjosep.net\/ca\/esdeveniment\/gala-entrega-los-premios-imvf-2017\/","url":"https:\/\/www.santjosep.net\/ca\/esdeveniment\/gala-entrega-los-premios-imvf-2017\/","name":"Ibiza Music Video Festival - Santjosep.net","isPartOf":{"@id":"https:\/\/www.santjosep.net\/#website"},"primaryImageOfPage":{"@id":"https:\/\/www.santjosep.net\/ca\/esdeveniment\/gala-entrega-los-premios-imvf-2017\/#primaryimage"},"image":{"@id":"https:\/\/www.santjosep.net\/ca\/esdeveniment\/gala-entrega-los-premios-imvf-2017\/#primaryimage"},"thumbnailUrl":"https:\/\/www.santjosep.net\/wp-content\/uploads\/2017\/10\/ibiza_music_video_festival.jpg","datePublished":"2017-10-20T09:18:18+00:00","dateModified":"2018-09-01T08:05:21+00:00","breadcrumb":{"@id":"https:\/\/www.santjosep.net\/ca\/esdeveniment\/gala-entrega-los-premios-imvf-2017\/#breadcrumb"},"inLanguage":"ca","potentialAction":[{"@type":"ReadAction","target":["https:\/\/www.santjosep.net\/ca\/esdeveniment\/gala-entrega-los-premios-imvf-2017\/"]}]},{"@type":"ImageObject","inLanguage":"ca","@id":"https:\/\/www.santjosep.net\/ca\/esdeveniment\/gala-entrega-los-premios-imvf-2017\/#primaryimage","url":"https:\/\/www.santjosep.net\/wp-content\/uploads\/2017\/10\/ibiza_music_video_festival.jpg","contentUrl":"https:\/\/www.santjosep.net\/wp-content\/uploads\/2017\/10\/ibiza_music_video_festival.jpg","width":1200,"height":798},{"@type":"BreadcrumbList","@id":"https:\/\/www.santjosep.net\/ca\/esdeveniment\/gala-entrega-los-premios-imvf-2017\/#breadcrumb","itemListElement":[{"@type":"ListItem","position":1,"name":"Eventos","item":"https:\/\/www.santjosep.net\/agenda\/"},{"@type":"ListItem","position":2,"name":"Ibiza Music Video Festival"}]},{"@type":"WebSite","@id":"https:\/\/www.santjosep.net\/#website","url":"https:\/\/www.santjosep.net\/","name":"Santjosep.net","description":"","potentialAction":[{"@type":"SearchAction","target":{"@type":"EntryPoint","urlTemplate":"https:\/\/www.santjosep.net\/?s={search_term_string}"},"query-input":{"@type":"PropertyValueSpecification","valueRequired":true,"valueName":"search_term_string"}}],"inLanguage":"ca"}]}},"_links":{"self":[{"href":"https:\/\/www.santjosep.net\/ca\/wp-json\/wp\/v2\/tribe_events\/13292","targetHints":{"allow":["GET"]}}],"collection":[{"href":"https:\/\/www.santjosep.net\/ca\/wp-json\/wp\/v2\/tribe_events"}],"about":[{"href":"https:\/\/www.santjosep.net\/ca\/wp-json\/wp\/v2\/types\/tribe_events"}],"author":[{"embeddable":true,"href":"https:\/\/www.santjosep.net\/ca\/wp-json\/wp\/v2\/users\/1"}],"version-history":[{"count":0,"href":"https:\/\/www.santjosep.net\/ca\/wp-json\/wp\/v2\/tribe_events\/13292\/revisions"}],"wp:featuredmedia":[{"embeddable":true,"href":"https:\/\/www.santjosep.net\/ca\/wp-json\/wp\/v2\/media\/13293"}],"wp:attachment":[{"href":"https:\/\/www.santjosep.net\/ca\/wp-json\/wp\/v2\/media?parent=13292"}],"wp:term":[{"taxonomy":"post_tag","embeddable":true,"href":"https:\/\/www.santjosep.net\/ca\/wp-json\/wp\/v2\/tags?post=13292"},{"taxonomy":"tribe_events_cat","embeddable":true,"href":"https:\/\/www.santjosep.net\/ca\/wp-json\/wp\/v2\/tribe_events_cat?post=13292"}],"curies":[{"name":"wp","href":"https:\/\/api.w.org\/{rel}","templated":true}]}}

<p>L&#8217;esdeveniment serà una gran festa per presentar els premis IMVF 2018 (Ibiza Music Video Festival) que tindrà lloc al Centre Cultural Can Jeroni amb diverses activitats i lliurament de premis, inclosa a la millor coreografia.</p>
<p>Ibiza Music Video Festival és una celebració de gran contingut de pel·lícules musicals. On participen produccions, vídeos i clips de tot el món.</p>
<p>&nbsp;</p>
<p><iframe loading="lazy" src="https://player.vimeo.com/video/241486828" width="640" height="360" frameborder="0" allowfullscreen="allowfullscreen"></iframe></p>

<p>L&#8217;esdeveniment serà una gran festa per presentar els premis IMVF 2018 (Ibiza Music Video Festival) que tindrà lloc al Centre Cultural Can Jeroni amb diverses activitats i lliurament de premis, inclosa a la millor coreografia. Ibiza Music Video Festival és [&hellip;]</p>

<!-- This site is optimized with the Yoast SEO plugin v25.7 - https://yoast.com/wordpress/plugins/seo/ -->
<title>Ibiza Music Video Festival - Santjosep.net</title>
<meta name="robots" content="index, follow, max-snippet:-1, max-image-preview:large, max-video-preview:-1" />
<link rel="canonical" href="https://www.santjosep.net/ca/esdeveniment/gala-entrega-los-premios-imvf-2017/" />
<meta property="og:locale" content="ca_ES" />
<meta property="og:type" content="article" />
<meta property="og:title" content="Ibiza Music Video Festival - Santjosep.net" />
<meta property="og:description" content="L&#8217;esdeveniment serà una gran festa per presentar els premis IMVF 2018 (Ibiza Music Video Festival) que tindrà lloc al Centre Cultural Can Jeroni amb diverses activitats i lliurament de premis, inclosa a la millor coreografia. Ibiza Music Video Festival és [&hellip;]" />
<meta property="og:url" content="https://www.santjosep.net/ca/esdeveniment/gala-entrega-los-premios-imvf-2017/" />
<meta property="og:site_name" content="Santjosep.net" />
<meta property="article:modified_time" content="2018-09-01T08:05:21+00:00" />
<meta property="og:image" content="https://www.santjosep.net/wp-content/uploads/2017/10/ibiza_music_video_festival.jpg" />
	<meta property="og:image:width" content="1200" />
	<meta property="og:image:height" content="798" />
	<meta property="og:image:type" content="image/jpeg" />
<meta name="twitter:card" content="summary_large_image" />
<script type="application/ld+json" class="yoast-schema-graph">{"@context":"https://schema.org","@graph":[{"@type":"WebPage","@id":"https://www.santjosep.net/ca/esdeveniment/gala-entrega-los-premios-imvf-2017/","url":"https://www.santjosep.net/ca/esdeveniment/gala-entrega-los-premios-imvf-2017/","name":"Ibiza Music Video Festival - Santjosep.net","isPartOf":{"@id":"https://www.santjosep.net/#website"},"primaryImageOfPage":{"@id":"https://www.santjosep.net/ca/esdeveniment/gala-entrega-los-premios-imvf-2017/#primaryimage"},"image":{"@id":"https://www.santjosep.net/ca/esdeveniment/gala-entrega-los-premios-imvf-2017/#primaryimage"},"thumbnailUrl":"https://www.santjosep.net/wp-content/uploads/2017/10/ibiza_music_video_festival.jpg","datePublished":"2017-10-20T09:18:18+00:00","dateModified":"2018-09-01T08:05:21+00:00","breadcrumb":{"@id":"https://www.santjosep.net/ca/esdeveniment/gala-entrega-los-premios-imvf-2017/#breadcrumb"},"inLanguage":"ca","potentialAction":[{"@type":"ReadAction","target":["https://www.santjosep.net/ca/esdeveniment/gala-entrega-los-premios-imvf-2017/"]}]},{"@type":"ImageObject","inLanguage":"ca","@id":"https://www.santjosep.net/ca/esdeveniment/gala-entrega-los-premios-imvf-2017/#primaryimage","url":"https://www.santjosep.net/wp-content/uploads/2017/10/ibiza_music_video_festival.jpg","contentUrl":"https://www.santjosep.net/wp-content/uploads/2017/10/ibiza_music_video_festival.jpg","width":1200,"height":798},{"@type":"BreadcrumbList","@id":"https://www.santjosep.net/ca/esdeveniment/gala-entrega-los-premios-imvf-2017/#breadcrumb","itemListElement":[{"@type":"ListItem","position":1,"name":"Eventos","item":"https://www.santjosep.net/agenda/"},{"@type":"ListItem","position":2,"name":"Ibiza Music Video Festival"}]},{"@type":"WebSite","@id":"https://www.santjosep.net/#website","url":"https://www.santjosep.net/","name":"Santjosep.net","description":"","potentialAction":[{"@type":"SearchAction","target":{"@type":"EntryPoint","urlTemplate":"https://www.santjosep.net/?s={search_term_string}"},"query-input":{"@type":"PropertyValueSpecification","valueRequired":true,"valueName":"search_term_string"}}],"inLanguage":"ca"}]}</script>
<!-- / Yoast SEO plugin. -->

L&#8217;esdeveniment serà una gran festa per presentar els premis IMVF 2018 (Ibiza Music Video Festival) que tindrà lloc al Centre Cultural Can Jeroni amb diverses activitats i lliurament de premis, inclosa a la millor coreografia. Ibiza Music Video Festival és [&hellip;]
