{"id":13167,"date":"2018-08-11T10:01:43","date_gmt":"2018-08-11T10:01:43","guid":{"rendered":"https:\/\/www.santjosep.net\/?post_type=tribe_events&#038;p=13167&#038;lang=ca"},"modified":"2021-10-27T11:00:16","modified_gmt":"2021-10-27T09:00:16","slug":"fiestas-sant-agusti-des-vedra","status":"publish","type":"tribe_events","link":"https:\/\/www.santjosep.net\/ca\/esdeveniment\/fiestas-sant-agusti-des-vedra\/","title":{"rendered":"Festes de Sant Agust\u00ed des Vedr\u00e0"},"content":{"rendered":"<p><span data-sheets-value=\"[null,2,&quot;En pleno verano tenemos la suerte de poder celebrar las fiestas patronales de Sant Agust\\u00ed, una de las m\\u00e1s conocidas y esperadas de todo el municipio. Cada 28 de Agosto se congregan distintos grupos musicales para darle ritmo a la noche estival mientras que se sigue manteniendo la tradici\\u00f3n con la misa en honor al patr\\u00f3n y su cl\\u00e1sica procesi\\u00f3n seguida de bailes folkl\\u00f3ricos. Adem\\u00e1s tambi\\u00e9n se puede disfrutar de las distintas actividades deportivas que se celebran y de tradiciones tan arraigadas como la fiesta des Pou d\\u2019en Rafal. Un plan distintos para el verano ibicenco&quot;]\" data-sheets-userformat=\"[null,null,15297,[null,0],null,null,null,null,null,1,1,4,0,null,[null,2,0],&quot;Arial&quot;,11]\">En pl\u00e8 estiu tenim la sort de poder celebrar les festes patronals de Sant Agust\u00ed des Vedr\u00e0, una de les m\u00e9s conegudes i esperades de tot el municipi. Cada 28\u00a0 d&#8217;agost es congreguen diferents grups musicals per donar-li ritme a la nit estival mentre que se segueix mantenint la tradici\u00f3 amb la missa en honor al patr\u00f3 i la seva cl\u00e0ssica process\u00f3 seguida de balls folkl\u00f2rics. A m\u00e9s tamb\u00e9 es pot gaudir de les diferents activitats esportives que es celebren i de tradicions tan arrelades com la festa des Pou d&#8217;en Rafal. Un pla diferents per a l&#8217;estiu eivissenc.<\/span><\/p>\n<p>&nbsp;<\/p>\n<p><strong>\u00a0<\/strong><\/p>\n","protected":false},"excerpt":{"rendered":"<p>En pl\u00e8 estiu tenim la sort de poder celebrar les festes patronals de Sant Agust\u00ed des Vedr\u00e0, una de les m\u00e9s conegudes i esperades de tot el municipi. Cada 28\u00a0 d&#8217;agost es congreguen diferents grups musicals per donar-li ritme a [&hellip;]<\/p>\n","protected":false},"author":1,"featured_media":13171,"template":"","meta":{"_acf_changed":false,"inline_featured_image":false,"_tribe_events_status":"","_tribe_events_status_reason":"","footnotes":""},"tags":[],"tribe_events_cat":[188],"class_list":["post-13167","tribe_events","type-tribe_events","status-publish","has-post-thumbnail","hentry","tribe_events_cat-festes-patronals","cat_festes-patronals"],"acf":[],"yoast_head":"<!-- This site is optimized with the Yoast SEO plugin v25.7 - https:\/\/yoast.com\/wordpress\/plugins\/seo\/ -->\n<title>Festes de Sant Agust\u00ed des Vedr\u00e0 - Santjosep.net<\/title>\n<meta name=\"robots\" content=\"index, follow, max-snippet:-1, max-image-preview:large, max-video-preview:-1\" \/>\n<link rel=\"canonical\" href=\"https:\/\/www.santjosep.net\/ca\/esdeveniment\/fiestas-sant-agusti-des-vedra\/\" \/>\n<meta property=\"og:locale\" content=\"ca_ES\" \/>\n<meta property=\"og:type\" content=\"article\" \/>\n<meta property=\"og:title\" content=\"Festes de Sant Agust\u00ed des Vedr\u00e0 - Santjosep.net\" \/>\n<meta property=\"og:description\" content=\"En pl\u00e8 estiu tenim la sort de poder celebrar les festes patronals de Sant Agust\u00ed des Vedr\u00e0, una de les m\u00e9s conegudes i esperades de tot el municipi. Cada 28\u00a0 d&#8217;agost es congreguen diferents grups musicals per donar-li ritme a [&hellip;]\" \/>\n<meta property=\"og:url\" content=\"https:\/\/www.santjosep.net\/ca\/esdeveniment\/fiestas-sant-agusti-des-vedra\/\" \/>\n<meta property=\"og:site_name\" content=\"Santjosep.net\" \/>\n<meta property=\"article:modified_time\" content=\"2021-10-27T09:00:16+00:00\" \/>\n<meta property=\"og:image\" content=\"https:\/\/www.santjosep.net\/wp-content\/uploads\/2016\/01\/P1000118_sant_Agusti_des_vedra.jpg\" \/>\n\t<meta property=\"og:image:width\" content=\"1200\" \/>\n\t<meta property=\"og:image:height\" content=\"800\" \/>\n\t<meta property=\"og:image:type\" content=\"image\/jpeg\" \/>\n<meta name=\"twitter:card\" content=\"summary_large_image\" \/>\n<meta name=\"twitter:label1\" content=\"Temps estimat de lectura\" \/>\n\t<meta name=\"twitter:data1\" content=\"1 minut\" \/>\n<script type=\"application\/ld+json\" class=\"yoast-schema-graph\">{\"@context\":\"https:\/\/schema.org\",\"@graph\":[{\"@type\":\"WebPage\",\"@id\":\"https:\/\/www.santjosep.net\/ca\/esdeveniment\/fiestas-sant-agusti-des-vedra\/\",\"url\":\"https:\/\/www.santjosep.net\/ca\/esdeveniment\/fiestas-sant-agusti-des-vedra\/\",\"name\":\"Festes de Sant Agust\u00ed des Vedr\u00e0 - Santjosep.net\",\"isPartOf\":{\"@id\":\"https:\/\/www.santjosep.net\/#website\"},\"primaryImageOfPage\":{\"@id\":\"https:\/\/www.santjosep.net\/ca\/esdeveniment\/fiestas-sant-agusti-des-vedra\/#primaryimage\"},\"image\":{\"@id\":\"https:\/\/www.santjosep.net\/ca\/esdeveniment\/fiestas-sant-agusti-des-vedra\/#primaryimage\"},\"thumbnailUrl\":\"https:\/\/www.santjosep.net\/wp-content\/uploads\/2016\/01\/P1000118_sant_Agusti_des_vedra.jpg\",\"datePublished\":\"2018-08-11T10:01:43+00:00\",\"dateModified\":\"2021-10-27T09:00:16+00:00\",\"breadcrumb\":{\"@id\":\"https:\/\/www.santjosep.net\/ca\/esdeveniment\/fiestas-sant-agusti-des-vedra\/#breadcrumb\"},\"inLanguage\":\"ca\",\"potentialAction\":[{\"@type\":\"ReadAction\",\"target\":[\"https:\/\/www.santjosep.net\/ca\/esdeveniment\/fiestas-sant-agusti-des-vedra\/\"]}]},{\"@type\":\"ImageObject\",\"inLanguage\":\"ca\",\"@id\":\"https:\/\/www.santjosep.net\/ca\/esdeveniment\/fiestas-sant-agusti-des-vedra\/#primaryimage\",\"url\":\"https:\/\/www.santjosep.net\/wp-content\/uploads\/2016\/01\/P1000118_sant_Agusti_des_vedra.jpg\",\"contentUrl\":\"https:\/\/www.santjosep.net\/wp-content\/uploads\/2016\/01\/P1000118_sant_Agusti_des_vedra.jpg\",\"width\":1200,\"height\":800},{\"@type\":\"BreadcrumbList\",\"@id\":\"https:\/\/www.santjosep.net\/ca\/esdeveniment\/fiestas-sant-agusti-des-vedra\/#breadcrumb\",\"itemListElement\":[{\"@type\":\"ListItem\",\"position\":1,\"name\":\"Eventos\",\"item\":\"https:\/\/www.santjosep.net\/agenda\/\"},{\"@type\":\"ListItem\",\"position\":2,\"name\":\"Festes de Sant Agust\u00ed des Vedr\u00e0\"}]},{\"@type\":\"WebSite\",\"@id\":\"https:\/\/www.santjosep.net\/#website\",\"url\":\"https:\/\/www.santjosep.net\/\",\"name\":\"Santjosep.net\",\"description\":\"\",\"potentialAction\":[{\"@type\":\"SearchAction\",\"target\":{\"@type\":\"EntryPoint\",\"urlTemplate\":\"https:\/\/www.santjosep.net\/?s={search_term_string}\"},\"query-input\":{\"@type\":\"PropertyValueSpecification\",\"valueRequired\":true,\"valueName\":\"search_term_string\"}}],\"inLanguage\":\"ca\"}]}<\/script>\n<!-- \/ Yoast SEO plugin. -->","yoast_head_json":{"title":"Festes de Sant Agust\u00ed des Vedr\u00e0 - Santjosep.net","robots":{"index":"index","follow":"follow","max-snippet":"max-snippet:-1","max-image-preview":"max-image-preview:large","max-video-preview":"max-video-preview:-1"},"canonical":"https:\/\/www.santjosep.net\/ca\/esdeveniment\/fiestas-sant-agusti-des-vedra\/","og_locale":"ca_ES","og_type":"article","og_title":"Festes de Sant Agust\u00ed des Vedr\u00e0 - Santjosep.net","og_description":"En pl\u00e8 estiu tenim la sort de poder celebrar les festes patronals de Sant Agust\u00ed des Vedr\u00e0, una de les m\u00e9s conegudes i esperades de tot el municipi. Cada 28\u00a0 d&#8217;agost es congreguen diferents grups musicals per donar-li ritme a [&hellip;]","og_url":"https:\/\/www.santjosep.net\/ca\/esdeveniment\/fiestas-sant-agusti-des-vedra\/","og_site_name":"Santjosep.net","article_modified_time":"2021-10-27T09:00:16+00:00","og_image":[{"width":1200,"height":800,"url":"https:\/\/www.santjosep.net\/wp-content\/uploads\/2016\/01\/P1000118_sant_Agusti_des_vedra.jpg","type":"image\/jpeg"}],"twitter_card":"summary_large_image","twitter_misc":{"Temps estimat de lectura":"1 minut"},"schema":{"@context":"https:\/\/schema.org","@graph":[{"@type":"WebPage","@id":"https:\/\/www.santjosep.net\/ca\/esdeveniment\/fiestas-sant-agusti-des-vedra\/","url":"https:\/\/www.santjosep.net\/ca\/esdeveniment\/fiestas-sant-agusti-des-vedra\/","name":"Festes de Sant Agust\u00ed des Vedr\u00e0 - Santjosep.net","isPartOf":{"@id":"https:\/\/www.santjosep.net\/#website"},"primaryImageOfPage":{"@id":"https:\/\/www.santjosep.net\/ca\/esdeveniment\/fiestas-sant-agusti-des-vedra\/#primaryimage"},"image":{"@id":"https:\/\/www.santjosep.net\/ca\/esdeveniment\/fiestas-sant-agusti-des-vedra\/#primaryimage"},"thumbnailUrl":"https:\/\/www.santjosep.net\/wp-content\/uploads\/2016\/01\/P1000118_sant_Agusti_des_vedra.jpg","datePublished":"2018-08-11T10:01:43+00:00","dateModified":"2021-10-27T09:00:16+00:00","breadcrumb":{"@id":"https:\/\/www.santjosep.net\/ca\/esdeveniment\/fiestas-sant-agusti-des-vedra\/#breadcrumb"},"inLanguage":"ca","potentialAction":[{"@type":"ReadAction","target":["https:\/\/www.santjosep.net\/ca\/esdeveniment\/fiestas-sant-agusti-des-vedra\/"]}]},{"@type":"ImageObject","inLanguage":"ca","@id":"https:\/\/www.santjosep.net\/ca\/esdeveniment\/fiestas-sant-agusti-des-vedra\/#primaryimage","url":"https:\/\/www.santjosep.net\/wp-content\/uploads\/2016\/01\/P1000118_sant_Agusti_des_vedra.jpg","contentUrl":"https:\/\/www.santjosep.net\/wp-content\/uploads\/2016\/01\/P1000118_sant_Agusti_des_vedra.jpg","width":1200,"height":800},{"@type":"BreadcrumbList","@id":"https:\/\/www.santjosep.net\/ca\/esdeveniment\/fiestas-sant-agusti-des-vedra\/#breadcrumb","itemListElement":[{"@type":"ListItem","position":1,"name":"Eventos","item":"https:\/\/www.santjosep.net\/agenda\/"},{"@type":"ListItem","position":2,"name":"Festes de Sant Agust\u00ed des Vedr\u00e0"}]},{"@type":"WebSite","@id":"https:\/\/www.santjosep.net\/#website","url":"https:\/\/www.santjosep.net\/","name":"Santjosep.net","description":"","potentialAction":[{"@type":"SearchAction","target":{"@type":"EntryPoint","urlTemplate":"https:\/\/www.santjosep.net\/?s={search_term_string}"},"query-input":{"@type":"PropertyValueSpecification","valueRequired":true,"valueName":"search_term_string"}}],"inLanguage":"ca"}]}},"_links":{"self":[{"href":"https:\/\/www.santjosep.net\/ca\/wp-json\/wp\/v2\/tribe_events\/13167","targetHints":{"allow":["GET"]}}],"collection":[{"href":"https:\/\/www.santjosep.net\/ca\/wp-json\/wp\/v2\/tribe_events"}],"about":[{"href":"https:\/\/www.santjosep.net\/ca\/wp-json\/wp\/v2\/types\/tribe_events"}],"author":[{"embeddable":true,"href":"https:\/\/www.santjosep.net\/ca\/wp-json\/wp\/v2\/users\/1"}],"version-history":[{"count":0,"href":"https:\/\/www.santjosep.net\/ca\/wp-json\/wp\/v2\/tribe_events\/13167\/revisions"}],"wp:featuredmedia":[{"embeddable":true,"href":"https:\/\/www.santjosep.net\/ca\/wp-json\/wp\/v2\/media\/13171"}],"wp:attachment":[{"href":"https:\/\/www.santjosep.net\/ca\/wp-json\/wp\/v2\/media?parent=13167"}],"wp:term":[{"taxonomy":"post_tag","embeddable":true,"href":"https:\/\/www.santjosep.net\/ca\/wp-json\/wp\/v2\/tags?post=13167"},{"taxonomy":"tribe_events_cat","embeddable":true,"href":"https:\/\/www.santjosep.net\/ca\/wp-json\/wp\/v2\/tribe_events_cat?post=13167"}],"curies":[{"name":"wp","href":"https:\/\/api.w.org\/{rel}","templated":true}]}}

Festes de Sant Agustí des Vedrà

<p><span data-sheets-value="[null,2,&quot;En pleno verano tenemos la suerte de poder celebrar las fiestas patronales de Sant Agust\u00ed, una de las m\u00e1s conocidas y esperadas de todo el municipio. Cada 28 de Agosto se congregan distintos grupos musicales para darle ritmo a la noche estival mientras que se sigue manteniendo la tradici\u00f3n con la misa en honor al patr\u00f3n y su cl\u00e1sica procesi\u00f3n seguida de bailes folkl\u00f3ricos. Adem\u00e1s tambi\u00e9n se puede disfrutar de las distintas actividades deportivas que se celebran y de tradiciones tan arraigadas como la fiesta des Pou d\u2019en Rafal. Un plan distintos para el verano ibicenco&quot;]" data-sheets-userformat="[null,null,15297,[null,0],null,null,null,null,null,1,1,4,0,null,[null,2,0],&quot;Arial&quot;,11]">En plè estiu tenim la sort de poder celebrar les festes patronals de Sant Agustí des Vedrà, una de les més conegudes i esperades de tot el municipi. Cada 28  d&#8217;agost es congreguen diferents grups musicals per donar-li ritme a la nit estival mentre que se segueix mantenint la tradició amb la missa en honor al patró i la seva clàssica processó seguida de balls folklòrics. A més també es pot gaudir de les diferents activitats esportives que es celebren i de tradicions tan arrelades com la festa des Pou d&#8217;en Rafal. Un pla diferents per a l&#8217;estiu eivissenc.</span></p>
<p>&nbsp;</p>
<p><strong> </strong></p>

<p>En plè estiu tenim la sort de poder celebrar les festes patronals de Sant Agustí des Vedrà, una de les més conegudes i esperades de tot el municipi. Cada 28  d&#8217;agost es congreguen diferents grups musicals per donar-li ritme a [&hellip;]</p>

<!-- This site is optimized with the Yoast SEO plugin v25.7 - https://yoast.com/wordpress/plugins/seo/ -->
<title>Festes de Sant Agustí des Vedrà - Santjosep.net</title>
<meta name="robots" content="index, follow, max-snippet:-1, max-image-preview:large, max-video-preview:-1" />
<link rel="canonical" href="https://www.santjosep.net/ca/esdeveniment/fiestas-sant-agusti-des-vedra/" />
<meta property="og:locale" content="ca_ES" />
<meta property="og:type" content="article" />
<meta property="og:title" content="Festes de Sant Agustí des Vedrà - Santjosep.net" />
<meta property="og:description" content="En plè estiu tenim la sort de poder celebrar les festes patronals de Sant Agustí des Vedrà, una de les més conegudes i esperades de tot el municipi. Cada 28  d&#8217;agost es congreguen diferents grups musicals per donar-li ritme a [&hellip;]" />
<meta property="og:url" content="https://www.santjosep.net/ca/esdeveniment/fiestas-sant-agusti-des-vedra/" />
<meta property="og:site_name" content="Santjosep.net" />
<meta property="article:modified_time" content="2021-10-27T09:00:16+00:00" />
<meta property="og:image" content="https://www.santjosep.net/wp-content/uploads/2016/01/P1000118_sant_Agusti_des_vedra.jpg" />
	<meta property="og:image:width" content="1200" />
	<meta property="og:image:height" content="800" />
	<meta property="og:image:type" content="image/jpeg" />
<meta name="twitter:card" content="summary_large_image" />
<meta name="twitter:label1" content="Temps estimat de lectura" />
	<meta name="twitter:data1" content="1 minut" />
<script type="application/ld+json" class="yoast-schema-graph">{"@context":"https://schema.org","@graph":[{"@type":"WebPage","@id":"https://www.santjosep.net/ca/esdeveniment/fiestas-sant-agusti-des-vedra/","url":"https://www.santjosep.net/ca/esdeveniment/fiestas-sant-agusti-des-vedra/","name":"Festes de Sant Agustí des Vedrà - Santjosep.net","isPartOf":{"@id":"https://www.santjosep.net/#website"},"primaryImageOfPage":{"@id":"https://www.santjosep.net/ca/esdeveniment/fiestas-sant-agusti-des-vedra/#primaryimage"},"image":{"@id":"https://www.santjosep.net/ca/esdeveniment/fiestas-sant-agusti-des-vedra/#primaryimage"},"thumbnailUrl":"https://www.santjosep.net/wp-content/uploads/2016/01/P1000118_sant_Agusti_des_vedra.jpg","datePublished":"2018-08-11T10:01:43+00:00","dateModified":"2021-10-27T09:00:16+00:00","breadcrumb":{"@id":"https://www.santjosep.net/ca/esdeveniment/fiestas-sant-agusti-des-vedra/#breadcrumb"},"inLanguage":"ca","potentialAction":[{"@type":"ReadAction","target":["https://www.santjosep.net/ca/esdeveniment/fiestas-sant-agusti-des-vedra/"]}]},{"@type":"ImageObject","inLanguage":"ca","@id":"https://www.santjosep.net/ca/esdeveniment/fiestas-sant-agusti-des-vedra/#primaryimage","url":"https://www.santjosep.net/wp-content/uploads/2016/01/P1000118_sant_Agusti_des_vedra.jpg","contentUrl":"https://www.santjosep.net/wp-content/uploads/2016/01/P1000118_sant_Agusti_des_vedra.jpg","width":1200,"height":800},{"@type":"BreadcrumbList","@id":"https://www.santjosep.net/ca/esdeveniment/fiestas-sant-agusti-des-vedra/#breadcrumb","itemListElement":[{"@type":"ListItem","position":1,"name":"Eventos","item":"https://www.santjosep.net/agenda/"},{"@type":"ListItem","position":2,"name":"Festes de Sant Agustí des Vedrà"}]},{"@type":"WebSite","@id":"https://www.santjosep.net/#website","url":"https://www.santjosep.net/","name":"Santjosep.net","description":"","potentialAction":[{"@type":"SearchAction","target":{"@type":"EntryPoint","urlTemplate":"https://www.santjosep.net/?s={search_term_string}"},"query-input":{"@type":"PropertyValueSpecification","valueRequired":true,"valueName":"search_term_string"}}],"inLanguage":"ca"}]}</script>
<!-- / Yoast SEO plugin. -->

Festes de Sant Agustí des Vedrà - Santjosep.net

En plè estiu tenim la sort de poder celebrar les festes patronals de Sant Agustí des Vedrà, una de les més conegudes i esperades de tot el municipi. Cada 28  d&#8217;agost es congreguen diferents grups musicals per donar-li ritme a [&hellip;]
