{"id":24566,"date":"2021-05-18T13:38:02","date_gmt":"2021-05-18T11:38:02","guid":{"rendered":"https:\/\/www.santjosep.net\/tour-virtual\/sant-agusti-des-vedra\/"},"modified":"2021-05-19T15:46:45","modified_gmt":"2021-05-19T13:46:45","slug":"sant-agusti-des-vedra","status":"publish","type":"page","link":"https:\/\/www.santjosep.net\/ca\/tour-virtual\/sant-agusti-des-vedra\/","title":{"rendered":"Sant Agust\u00ed des Vedr\u00e0"},"content":{"rendered":"<div class=\"wpb-content-wrapper\"><p>[vc_row enable_hue_rotation=&#8221;no&#8221; enable_text_marquee=&#8221;no&#8221; css=&#8221;.vc_custom_1620985065127{padding-top: 30px !important;}&#8221;][vc_column][vc_column_text]<script src=\"https:\/\/static.kuula.io\/embed.js\" data-kuula=\"https:\/\/kuula.co\/share\/collection\/7Ys56?fs=1&#038;vr=1&#038;sd=1&#038;initload=0&#038;thumbs=1&#038;info=0&#038;logo=1\" data-width=\"100%\" data-height=\"640px\"><\/script>[\/vc_column_text][vc_column_text]El nucli tradicional que compon <a href=\"\/?page_id=12328\"><strong>Sant Agust\u00ed<\/strong> <\/a>enamora. \u00c9s un dels pocs nuclis de tota l&#8217;illa que conserva molt b\u00e9 el seu aire rural, amb cases de pag\u00e8s i una torre refugi que es va aixecar per defensar-se d&#8217;atacs i saquejos.[\/vc_column_text][\/vc_column][\/vc_row]<\/p>\n<\/div>","protected":false},"excerpt":{"rendered":"<p>[vc_row enable_hue_rotation=&#8221;no&#8221; enable_text_marquee=&#8221;no&#8221; css=&#8221;.vc_custom_1620985065127{padding-top: 30px !important;}&#8221;][vc_column][vc_column_text][\/vc_column_text][vc_column_text]El nucli tradicional que compon Sant Agust\u00ed enamora. \u00c9s un dels pocs nuclis de tota l&#8217;illa que conserva molt b\u00e9 el seu aire rural, amb cases de pag\u00e8s i una torre refugi que es va [&hellip;]<\/p>\n","protected":false},"author":1,"featured_media":19418,"parent":24464,"menu_order":0,"comment_status":"closed","ping_status":"closed","template":"","meta":{"_acf_changed":false,"inline_featured_image":false,"footnotes":""},"categoria_pagina":[],"class_list":["post-24566","page","type-page","status-publish","has-post-thumbnail","hentry"],"acf":[],"yoast_head":"<!-- This site is optimized with the Yoast SEO plugin v25.7 - https:\/\/yoast.com\/wordpress\/plugins\/seo\/ -->\n<title>Sant Agust\u00ed des Vedr\u00e0 - Santjosep.net<\/title>\n<meta name=\"robots\" content=\"index, follow, max-snippet:-1, max-image-preview:large, max-video-preview:-1\" \/>\n<link rel=\"canonical\" href=\"https:\/\/www.santjosep.net\/ca\/tour-virtual\/sant-agusti-des-vedra\/\" \/>\n<meta property=\"og:locale\" content=\"ca_ES\" \/>\n<meta property=\"og:type\" content=\"article\" \/>\n<meta property=\"og:title\" content=\"Sant Agust\u00ed des Vedr\u00e0 - Santjosep.net\" \/>\n<meta property=\"og:description\" content=\"[vc_row enable_hue_rotation=&#8221;no&#8221; enable_text_marquee=&#8221;no&#8221; css=&#8221;.vc_custom_1620985065127{padding-top: 30px !important;}&#8221;][vc_column][vc_column_text][\/vc_column_text][vc_column_text]El nucli tradicional que compon Sant Agust\u00ed enamora. \u00c9s un dels pocs nuclis de tota l&#8217;illa que conserva molt b\u00e9 el seu aire rural, amb cases de pag\u00e8s i una torre refugi que es va [&hellip;]\" \/>\n<meta property=\"og:url\" content=\"https:\/\/www.santjosep.net\/ca\/tour-virtual\/sant-agusti-des-vedra\/\" \/>\n<meta property=\"og:site_name\" content=\"Santjosep.net\" \/>\n<meta property=\"article:modified_time\" content=\"2021-05-19T13:46:45+00:00\" \/>\n<meta property=\"og:image\" content=\"https:\/\/www.santjosep.net\/wp-content\/uploads\/2020\/01\/santagusti_IMG_4103.jpg\" \/>\n\t<meta property=\"og:image:width\" content=\"2100\" \/>\n\t<meta property=\"og:image:height\" content=\"1400\" \/>\n\t<meta property=\"og:image:type\" content=\"image\/jpeg\" \/>\n<meta name=\"twitter:card\" content=\"summary_large_image\" \/>\n<script type=\"application\/ld+json\" class=\"yoast-schema-graph\">{\"@context\":\"https:\/\/schema.org\",\"@graph\":[{\"@type\":\"WebPage\",\"@id\":\"https:\/\/www.santjosep.net\/ca\/tour-virtual\/sant-agusti-des-vedra\/\",\"url\":\"https:\/\/www.santjosep.net\/ca\/tour-virtual\/sant-agusti-des-vedra\/\",\"name\":\"Sant Agust\u00ed des Vedr\u00e0 - Santjosep.net\",\"isPartOf\":{\"@id\":\"https:\/\/www.santjosep.net\/#website\"},\"primaryImageOfPage\":{\"@id\":\"https:\/\/www.santjosep.net\/ca\/tour-virtual\/sant-agusti-des-vedra\/#primaryimage\"},\"image\":{\"@id\":\"https:\/\/www.santjosep.net\/ca\/tour-virtual\/sant-agusti-des-vedra\/#primaryimage\"},\"thumbnailUrl\":\"https:\/\/www.santjosep.net\/wp-content\/uploads\/2020\/01\/santagusti_IMG_4103.jpg\",\"datePublished\":\"2021-05-18T11:38:02+00:00\",\"dateModified\":\"2021-05-19T13:46:45+00:00\",\"breadcrumb\":{\"@id\":\"https:\/\/www.santjosep.net\/ca\/tour-virtual\/sant-agusti-des-vedra\/#breadcrumb\"},\"inLanguage\":\"ca\",\"potentialAction\":[{\"@type\":\"ReadAction\",\"target\":[\"https:\/\/www.santjosep.net\/ca\/tour-virtual\/sant-agusti-des-vedra\/\"]}]},{\"@type\":\"ImageObject\",\"inLanguage\":\"ca\",\"@id\":\"https:\/\/www.santjosep.net\/ca\/tour-virtual\/sant-agusti-des-vedra\/#primaryimage\",\"url\":\"https:\/\/www.santjosep.net\/wp-content\/uploads\/2020\/01\/santagusti_IMG_4103.jpg\",\"contentUrl\":\"https:\/\/www.santjosep.net\/wp-content\/uploads\/2020\/01\/santagusti_IMG_4103.jpg\",\"width\":2100,\"height\":1400},{\"@type\":\"BreadcrumbList\",\"@id\":\"https:\/\/www.santjosep.net\/ca\/tour-virtual\/sant-agusti-des-vedra\/#breadcrumb\",\"itemListElement\":[{\"@type\":\"ListItem\",\"position\":1,\"name\":\"Tour Virtual\",\"item\":\"https:\/\/www.santjosep.net\/ca\/tour-virtual\/\"},{\"@type\":\"ListItem\",\"position\":2,\"name\":\"Sant Agust\u00ed des Vedr\u00e0\"}]},{\"@type\":\"WebSite\",\"@id\":\"https:\/\/www.santjosep.net\/#website\",\"url\":\"https:\/\/www.santjosep.net\/\",\"name\":\"Santjosep.net\",\"description\":\"\",\"potentialAction\":[{\"@type\":\"SearchAction\",\"target\":{\"@type\":\"EntryPoint\",\"urlTemplate\":\"https:\/\/www.santjosep.net\/?s={search_term_string}\"},\"query-input\":{\"@type\":\"PropertyValueSpecification\",\"valueRequired\":true,\"valueName\":\"search_term_string\"}}],\"inLanguage\":\"ca\"}]}<\/script>\n<!-- \/ Yoast SEO plugin. -->","yoast_head_json":{"title":"Sant Agust\u00ed des Vedr\u00e0 - Santjosep.net","robots":{"index":"index","follow":"follow","max-snippet":"max-snippet:-1","max-image-preview":"max-image-preview:large","max-video-preview":"max-video-preview:-1"},"canonical":"https:\/\/www.santjosep.net\/ca\/tour-virtual\/sant-agusti-des-vedra\/","og_locale":"ca_ES","og_type":"article","og_title":"Sant Agust\u00ed des Vedr\u00e0 - Santjosep.net","og_description":"[vc_row enable_hue_rotation=&#8221;no&#8221; enable_text_marquee=&#8221;no&#8221; css=&#8221;.vc_custom_1620985065127{padding-top: 30px !important;}&#8221;][vc_column][vc_column_text][\/vc_column_text][vc_column_text]El nucli tradicional que compon Sant Agust\u00ed enamora. \u00c9s un dels pocs nuclis de tota l&#8217;illa que conserva molt b\u00e9 el seu aire rural, amb cases de pag\u00e8s i una torre refugi que es va [&hellip;]","og_url":"https:\/\/www.santjosep.net\/ca\/tour-virtual\/sant-agusti-des-vedra\/","og_site_name":"Santjosep.net","article_modified_time":"2021-05-19T13:46:45+00:00","og_image":[{"width":2100,"height":1400,"url":"https:\/\/www.santjosep.net\/wp-content\/uploads\/2020\/01\/santagusti_IMG_4103.jpg","type":"image\/jpeg"}],"twitter_card":"summary_large_image","schema":{"@context":"https:\/\/schema.org","@graph":[{"@type":"WebPage","@id":"https:\/\/www.santjosep.net\/ca\/tour-virtual\/sant-agusti-des-vedra\/","url":"https:\/\/www.santjosep.net\/ca\/tour-virtual\/sant-agusti-des-vedra\/","name":"Sant Agust\u00ed des Vedr\u00e0 - Santjosep.net","isPartOf":{"@id":"https:\/\/www.santjosep.net\/#website"},"primaryImageOfPage":{"@id":"https:\/\/www.santjosep.net\/ca\/tour-virtual\/sant-agusti-des-vedra\/#primaryimage"},"image":{"@id":"https:\/\/www.santjosep.net\/ca\/tour-virtual\/sant-agusti-des-vedra\/#primaryimage"},"thumbnailUrl":"https:\/\/www.santjosep.net\/wp-content\/uploads\/2020\/01\/santagusti_IMG_4103.jpg","datePublished":"2021-05-18T11:38:02+00:00","dateModified":"2021-05-19T13:46:45+00:00","breadcrumb":{"@id":"https:\/\/www.santjosep.net\/ca\/tour-virtual\/sant-agusti-des-vedra\/#breadcrumb"},"inLanguage":"ca","potentialAction":[{"@type":"ReadAction","target":["https:\/\/www.santjosep.net\/ca\/tour-virtual\/sant-agusti-des-vedra\/"]}]},{"@type":"ImageObject","inLanguage":"ca","@id":"https:\/\/www.santjosep.net\/ca\/tour-virtual\/sant-agusti-des-vedra\/#primaryimage","url":"https:\/\/www.santjosep.net\/wp-content\/uploads\/2020\/01\/santagusti_IMG_4103.jpg","contentUrl":"https:\/\/www.santjosep.net\/wp-content\/uploads\/2020\/01\/santagusti_IMG_4103.jpg","width":2100,"height":1400},{"@type":"BreadcrumbList","@id":"https:\/\/www.santjosep.net\/ca\/tour-virtual\/sant-agusti-des-vedra\/#breadcrumb","itemListElement":[{"@type":"ListItem","position":1,"name":"Tour Virtual","item":"https:\/\/www.santjosep.net\/ca\/tour-virtual\/"},{"@type":"ListItem","position":2,"name":"Sant Agust\u00ed des Vedr\u00e0"}]},{"@type":"WebSite","@id":"https:\/\/www.santjosep.net\/#website","url":"https:\/\/www.santjosep.net\/","name":"Santjosep.net","description":"","potentialAction":[{"@type":"SearchAction","target":{"@type":"EntryPoint","urlTemplate":"https:\/\/www.santjosep.net\/?s={search_term_string}"},"query-input":{"@type":"PropertyValueSpecification","valueRequired":true,"valueName":"search_term_string"}}],"inLanguage":"ca"}]}},"_links":{"self":[{"href":"https:\/\/www.santjosep.net\/ca\/wp-json\/wp\/v2\/pages\/24566","targetHints":{"allow":["GET"]}}],"collection":[{"href":"https:\/\/www.santjosep.net\/ca\/wp-json\/wp\/v2\/pages"}],"about":[{"href":"https:\/\/www.santjosep.net\/ca\/wp-json\/wp\/v2\/types\/page"}],"author":[{"embeddable":true,"href":"https:\/\/www.santjosep.net\/ca\/wp-json\/wp\/v2\/users\/1"}],"replies":[{"embeddable":true,"href":"https:\/\/www.santjosep.net\/ca\/wp-json\/wp\/v2\/comments?post=24566"}],"version-history":[{"count":0,"href":"https:\/\/www.santjosep.net\/ca\/wp-json\/wp\/v2\/pages\/24566\/revisions"}],"up":[{"embeddable":true,"href":"https:\/\/www.santjosep.net\/ca\/wp-json\/wp\/v2\/pages\/24464"}],"wp:featuredmedia":[{"embeddable":true,"href":"https:\/\/www.santjosep.net\/ca\/wp-json\/wp\/v2\/media\/19418"}],"wp:attachment":[{"href":"https:\/\/www.santjosep.net\/ca\/wp-json\/wp\/v2\/media?parent=24566"}],"wp:term":[{"taxonomy":"categoria_pagina","embeddable":true,"href":"https:\/\/www.santjosep.net\/ca\/wp-json\/wp\/v2\/categoria_pagina?post=24566"}],"curies":[{"name":"wp","href":"https:\/\/api.w.org\/{rel}","templated":true}]}}

Sant Agustí des Vedrà

<div class="wpb-content-wrapper"><p>[vc_row enable_hue_rotation=&#8221;no&#8221; enable_text_marquee=&#8221;no&#8221; css=&#8221;.vc_custom_1620985065127{padding-top: 30px !important;}&#8221;][vc_column][vc_column_text]<script src="https://static.kuula.io/embed.js" data-kuula="https://kuula.co/share/collection/7Ys56?fs=1&#038;vr=1&#038;sd=1&#038;initload=0&#038;thumbs=1&#038;info=0&#038;logo=1" data-width="100%" data-height="640px"></script>[/vc_column_text][vc_column_text]El nucli tradicional que compon <a href="/?page_id=12328"><strong>Sant Agustí</strong> </a>enamora. És un dels pocs nuclis de tota l&#8217;illa que conserva molt bé el seu aire rural, amb cases de pagès i una torre refugi que es va aixecar per defensar-se d&#8217;atacs i saquejos.[/vc_column_text][/vc_column][/vc_row]</p>
</div>

<p>[vc_row enable_hue_rotation=&#8221;no&#8221; enable_text_marquee=&#8221;no&#8221; css=&#8221;.vc_custom_1620985065127{padding-top: 30px !important;}&#8221;][vc_column][vc_column_text][/vc_column_text][vc_column_text]El nucli tradicional que compon Sant Agustí enamora. És un dels pocs nuclis de tota l&#8217;illa que conserva molt bé el seu aire rural, amb cases de pagès i una torre refugi que es va [&hellip;]</p>

<!-- This site is optimized with the Yoast SEO plugin v25.7 - https://yoast.com/wordpress/plugins/seo/ -->
<title>Sant Agustí des Vedrà - Santjosep.net</title>
<meta name="robots" content="index, follow, max-snippet:-1, max-image-preview:large, max-video-preview:-1" />
<link rel="canonical" href="https://www.santjosep.net/ca/tour-virtual/sant-agusti-des-vedra/" />
<meta property="og:locale" content="ca_ES" />
<meta property="og:type" content="article" />
<meta property="og:title" content="Sant Agustí des Vedrà - Santjosep.net" />
<meta property="og:description" content="[vc_row enable_hue_rotation=&#8221;no&#8221; enable_text_marquee=&#8221;no&#8221; css=&#8221;.vc_custom_1620985065127{padding-top: 30px !important;}&#8221;][vc_column][vc_column_text][/vc_column_text][vc_column_text]El nucli tradicional que compon Sant Agustí enamora. És un dels pocs nuclis de tota l&#8217;illa que conserva molt bé el seu aire rural, amb cases de pagès i una torre refugi que es va [&hellip;]" />
<meta property="og:url" content="https://www.santjosep.net/ca/tour-virtual/sant-agusti-des-vedra/" />
<meta property="og:site_name" content="Santjosep.net" />
<meta property="article:modified_time" content="2021-05-19T13:46:45+00:00" />
<meta property="og:image" content="https://www.santjosep.net/wp-content/uploads/2020/01/santagusti_IMG_4103.jpg" />
	<meta property="og:image:width" content="2100" />
	<meta property="og:image:height" content="1400" />
	<meta property="og:image:type" content="image/jpeg" />
<meta name="twitter:card" content="summary_large_image" />
<script type="application/ld+json" class="yoast-schema-graph">{"@context":"https://schema.org","@graph":[{"@type":"WebPage","@id":"https://www.santjosep.net/ca/tour-virtual/sant-agusti-des-vedra/","url":"https://www.santjosep.net/ca/tour-virtual/sant-agusti-des-vedra/","name":"Sant Agustí des Vedrà - Santjosep.net","isPartOf":{"@id":"https://www.santjosep.net/#website"},"primaryImageOfPage":{"@id":"https://www.santjosep.net/ca/tour-virtual/sant-agusti-des-vedra/#primaryimage"},"image":{"@id":"https://www.santjosep.net/ca/tour-virtual/sant-agusti-des-vedra/#primaryimage"},"thumbnailUrl":"https://www.santjosep.net/wp-content/uploads/2020/01/santagusti_IMG_4103.jpg","datePublished":"2021-05-18T11:38:02+00:00","dateModified":"2021-05-19T13:46:45+00:00","breadcrumb":{"@id":"https://www.santjosep.net/ca/tour-virtual/sant-agusti-des-vedra/#breadcrumb"},"inLanguage":"ca","potentialAction":[{"@type":"ReadAction","target":["https://www.santjosep.net/ca/tour-virtual/sant-agusti-des-vedra/"]}]},{"@type":"ImageObject","inLanguage":"ca","@id":"https://www.santjosep.net/ca/tour-virtual/sant-agusti-des-vedra/#primaryimage","url":"https://www.santjosep.net/wp-content/uploads/2020/01/santagusti_IMG_4103.jpg","contentUrl":"https://www.santjosep.net/wp-content/uploads/2020/01/santagusti_IMG_4103.jpg","width":2100,"height":1400},{"@type":"BreadcrumbList","@id":"https://www.santjosep.net/ca/tour-virtual/sant-agusti-des-vedra/#breadcrumb","itemListElement":[{"@type":"ListItem","position":1,"name":"Tour Virtual","item":"https://www.santjosep.net/ca/tour-virtual/"},{"@type":"ListItem","position":2,"name":"Sant Agustí des Vedrà"}]},{"@type":"WebSite","@id":"https://www.santjosep.net/#website","url":"https://www.santjosep.net/","name":"Santjosep.net","description":"","potentialAction":[{"@type":"SearchAction","target":{"@type":"EntryPoint","urlTemplate":"https://www.santjosep.net/?s={search_term_string}"},"query-input":{"@type":"PropertyValueSpecification","valueRequired":true,"valueName":"search_term_string"}}],"inLanguage":"ca"}]}</script>
<!-- / Yoast SEO plugin. -->

Sant Agustí des Vedrà - Santjosep.net

[vc_row enable_hue_rotation=&#8221;no&#8221; enable_text_marquee=&#8221;no&#8221; css=&#8221;.vc_custom_1620985065127{padding-top: 30px !important;}&#8221;][vc_column][vc_column_text][/vc_column_text][vc_column_text]El nucli tradicional que compon Sant Agustí enamora. És un dels pocs nuclis de tota l&#8217;illa que conserva molt bé el seu aire rural, amb cases de pagès i una torre refugi que es va [&hellip;]
